Last updated on 2022-08-15 08:50:04 CEST.
Flavor | Version | Tinstall | Tcheck | Ttotal | Status | Flags |
---|---|---|---|---|---|---|
r-devel-linux-x86_64-debian-clang | 0.2.0 | 30.65 | 308.59 | 339.24 | NOTE | |
r-devel-linux-x86_64-debian-gcc | 0.2.0 | 26.94 | 219.31 | 246.25 | NOTE | |
r-devel-linux-x86_64-fedora-clang | 0.2.0 | 400.24 | NOTE | |||
r-devel-linux-x86_64-fedora-gcc | 0.2.0 | 405.84 | NOTE | |||
r-devel-windows-x86_64 | 0.2.0 | 52.00 | 286.00 | 338.00 | NOTE | |
r-patched-linux-x86_64 | 0.2.0 | 29.27 | 292.26 | 321.53 | NOTE | |
r-release-linux-x86_64 | 0.2.0 | 29.88 | 293.21 | 323.09 | NOTE | |
r-release-macos-arm64 | 0.2.0 | 86.00 | NOTE | |||
r-release-macos-x86_64 | 0.2.0 | 156.00 | NOTE | |||
r-release-windows-x86_64 | 0.2.0 | 48.00 | 289.00 | 337.00 | NOTE | |
r-oldrel-macos-arm64 | 0.2.0 | 50.00 | NOTE | |||
r-oldrel-macos-x86_64 | 0.2.0 | 86.00 | NOTE | |||
r-oldrel-windows-ix86+x86_64 | 0.2.0 | 69.00 | 295.00 | 364.00 | NOTE |
Version: 0.2.0
Check: LazyData
Result: NOTE
'LazyData' is specified without a 'data' directory
Flavors: r-devel-linux-x86_64-debian-clang, r-devel-linux-x86_64-debian-gcc, r-devel-linux-x86_64-fedora-clang, r-devel-linux-x86_64-fedora-gcc, r-devel-windows-x86_64, r-patched-linux-x86_64, r-release-linux-x86_64, r-release-macos-arm64, r-release-macos-x86_64, r-release-windows-x86_64, r-oldrel-macos-arm64, r-oldrel-macos-x86_64, r-oldrel-windows-ix86+x86_64
Version: 0.2.0
Check: dependencies in R code
Result: NOTE
Namespace in Imports field not imported from: ‘lubridate’
All declared Imports should be used.
Flavors: r-devel-linux-x86_64-fedora-clang, r-devel-linux-x86_64-fedora-gcc, r-release-macos-arm64, r-release-macos-x86_64, r-oldrel-macos-arm64, r-oldrel-macos-x86_64