Last updated on 2022-08-15 08:50:04 CEST.
Flavor | Version | Tinstall | Tcheck | Ttotal | Status | Flags |
---|---|---|---|---|---|---|
r-devel-linux-x86_64-debian-clang | 2019.11.13 | 18.17 | 112.32 | 130.49 | NOTE | |
r-devel-linux-x86_64-debian-gcc | 2019.11.13 | 14.09 | 82.78 | 96.87 | NOTE | |
r-devel-linux-x86_64-fedora-clang | 2019.11.13 | 164.35 | NOTE | |||
r-devel-linux-x86_64-fedora-gcc | 2019.11.13 | 161.77 | NOTE | |||
r-devel-windows-x86_64 | 2019.11.13 | 55.00 | 129.00 | 184.00 | NOTE | |
r-patched-linux-x86_64 | 2019.11.13 | 18.27 | 106.46 | 124.73 | OK | |
r-release-linux-x86_64 | 2019.11.13 | 17.40 | 106.20 | 123.60 | OK | |
r-release-macos-arm64 | 2019.11.13 | 44.00 | OK | |||
r-release-macos-x86_64 | 2019.11.13 | 62.00 | OK | |||
r-release-windows-x86_64 | 2019.11.13 | 53.00 | 132.00 | 185.00 | OK | |
r-oldrel-macos-arm64 | 2019.11.13 | 51.00 | OK | |||
r-oldrel-macos-x86_64 | 2019.11.13 | 76.00 | OK | |||
r-oldrel-windows-ix86+x86_64 | 2019.11.13 | 48.00 | 166.00 | 214.00 | OK |
Version: 2019.11.13
Check: Rd files
Result: NOTE
checkRd: (-1) prodlim.Rd:119: Escaped LaTeX specials: \&
Flavors: r-devel-linux-x86_64-debian-clang, r-devel-linux-x86_64-debian-gcc, r-devel-linux-x86_64-fedora-clang, r-devel-linux-x86_64-fedora-gcc, r-devel-windows-x86_64