Last updated on 2022-08-15 08:50:04 CEST.
Flavor | Version | Tinstall | Tcheck | Ttotal | Status | Flags |
---|---|---|---|---|---|---|
r-devel-linux-x86_64-debian-clang | 0.10.1 | 4.35 | 126.37 | 130.72 | NOTE | |
r-devel-linux-x86_64-debian-gcc | 0.10.1 | 3.91 | 94.98 | 98.89 | NOTE | |
r-devel-linux-x86_64-fedora-clang | 0.10.1 | 162.82 | NOTE | |||
r-devel-linux-x86_64-fedora-gcc | 0.10.1 | 169.99 | NOTE | |||
r-devel-windows-x86_64 | 0.10.1 | 59.00 | 218.00 | 277.00 | OK | |
r-patched-linux-x86_64 | 0.10.1 | 5.58 | 119.12 | 124.70 | OK | |
r-release-linux-x86_64 | 0.10.1 | 4.38 | 120.31 | 124.69 | OK | |
r-release-macos-arm64 | 0.10.1 | 134.00 | OK | |||
r-release-macos-x86_64 | 0.10.1 | 184.00 | OK | |||
r-release-windows-x86_64 | 0.10.1 | 64.00 | 227.00 | 291.00 | OK | |
r-oldrel-macos-arm64 | 0.10.1 | 131.00 | OK | |||
r-oldrel-macos-x86_64 | 0.10.1 | 175.00 | OK | |||
r-oldrel-windows-ix86+x86_64 | 0.10.1 | 10.00 | 225.00 | 235.00 | OK |
Version: 0.10.1
Check: HTML version of manual
Result: NOTE
Found the following HTML validation problems:
handlers.html:80:4: Warning: nested emphasis <em>
with_progress.html:102:4: Warning: nested emphasis <em>
Flavors: r-devel-linux-x86_64-debian-clang, r-devel-linux-x86_64-debian-gcc, r-devel-linux-x86_64-fedora-clang, r-devel-linux-x86_64-fedora-gcc