Last updated on 2022-08-15 08:50:04 CEST.
Flavor | Version | Tinstall | Tcheck | Ttotal | Status | Flags |
---|---|---|---|---|---|---|
r-devel-linux-x86_64-debian-clang | 0.1.0 | 26.64 | 262.21 | 288.85 | OK | |
r-devel-linux-x86_64-debian-gcc | 0.1.0 | 20.30 | 194.85 | 215.15 | OK | |
r-devel-linux-x86_64-fedora-clang | 0.1.0 | 347.38 | NOTE | |||
r-devel-linux-x86_64-fedora-gcc | 0.1.0 | 358.80 | OK | |||
r-devel-windows-x86_64 | 0.1.0 | 42.00 | 282.00 | 324.00 | OK | |
r-patched-linux-x86_64 | 0.1.0 | 24.32 | 247.56 | 271.88 | OK | |
r-release-linux-x86_64 | 0.1.0 | 23.76 | 246.17 | 269.93 | OK | |
r-release-macos-arm64 | 0.1.0 | 91.00 | OK | |||
r-release-macos-x86_64 | 0.1.0 | 132.00 | OK | |||
r-release-windows-x86_64 | 0.1.0 | 41.00 | 283.00 | 324.00 | OK | |
r-oldrel-macos-arm64 | 0.1.0 | 83.00 | OK | |||
r-oldrel-macos-x86_64 | 0.1.0 | 132.00 | OK | |||
r-oldrel-windows-ix86+x86_64 | 0.1.0 | 56.00 | 701.00 | 757.00 | OK |
Version: 0.1.0
Check: Rd cross-references
Result: NOTE
Undeclared package ‘viridisLite’ in Rd xrefs
Flavor: r-devel-linux-x86_64-fedora-clang