Last updated on 2022-08-15 08:50:04 CEST.
Flavor | Version | Tinstall | Tcheck | Ttotal | Status | Flags |
---|---|---|---|---|---|---|
r-devel-linux-x86_64-debian-clang | 2.1.1 | 74.60 | 33.58 | 108.18 | OK | |
r-devel-linux-x86_64-debian-gcc | 2.1.1 | 60.89 | 26.45 | 87.34 | OK | |
r-devel-linux-x86_64-fedora-clang | 2.1.1 | 163.43 | OK | |||
r-devel-linux-x86_64-fedora-gcc | 2.1.1 | 154.61 | OK | |||
r-devel-windows-x86_64 | 2.1.1 | 81.00 | 97.00 | 178.00 | OK | |
r-patched-linux-x86_64 | 2.1.1 | 64.07 | 33.08 | 97.15 | OK | |
r-release-linux-x86_64 | 2.1.1 | 61.57 | 32.82 | 94.39 | OK | |
r-release-macos-arm64 | 2.1.1 | 41.00 | NOTE | |||
r-release-macos-x86_64 | 2.1.1 | 59.00 | NOTE | |||
r-release-windows-x86_64 | 2.1.1 | 72.00 | 97.00 | 169.00 | OK | |
r-oldrel-macos-arm64 | 2.1.1 | 60.00 | NOTE | |||
r-oldrel-macos-x86_64 | 2.1.1 | 59.00 | NOTE | |||
r-oldrel-windows-ix86+x86_64 | 2.1.1 | 185.00 | 99.00 | 284.00 | NOTE |
Version: 2.1.1
Check: installed package size
Result: NOTE
installed size is 6.2Mb
sub-directories of 1Mb or more:
libs 6.1Mb
Flavors: r-release-macos-arm64, r-release-macos-x86_64, r-oldrel-macos-arm64, r-oldrel-macos-x86_64, r-oldrel-windows-ix86+x86_64