Last updated on 2022-08-15 08:50:04 CEST.
Flavor | Version | Tinstall | Tcheck | Ttotal | Status | Flags |
---|---|---|---|---|---|---|
r-devel-linux-x86_64-debian-clang | 1.6-2 | 21.84 | 117.82 | 139.66 | OK | |
r-devel-linux-x86_64-debian-gcc | 1.6-2 | 17.52 | 85.86 | 103.38 | OK | |
r-devel-linux-x86_64-fedora-clang | 1.6-2 | 171.84 | OK | |||
r-devel-linux-x86_64-fedora-gcc | 1.6-2 | 159.48 | OK | |||
r-devel-windows-x86_64 | 1.6-2 | 55.00 | 135.00 | 190.00 | OK | |
r-patched-linux-x86_64 | 1.6-2 | 23.96 | 113.22 | 137.18 | OK | |
r-release-linux-x86_64 | 1.6-2 | 20.49 | 112.57 | 133.06 | OK | |
r-release-macos-arm64 | 1.6-2 | 52.00 | NOTE | |||
r-release-macos-x86_64 | 1.6-2 | 66.00 | OK | |||
r-release-windows-x86_64 | 1.6-2 | 61.00 | 137.00 | 198.00 | OK | |
r-oldrel-macos-arm64 | 1.6-2 | 61.00 | NOTE | |||
r-oldrel-macos-x86_64 | 1.6-2 | 94.00 | NOTE | |||
r-oldrel-windows-ix86+x86_64 | 1.6-2 | 32.00 | 126.00 | 158.00 | OK |
Version: 1.6-2
Check: package dependencies
Result: NOTE
Packages suggested but not available for checking:
'Biostrings', 'GOSemSim', 'org.Hs.eg.db'
Flavor: r-release-macos-arm64
Version: 1.6-2
Check: package dependencies
Result: NOTE
Packages suggested but not available for checking:
'GOSemSim', 'org.Hs.eg.db'
Flavor: r-oldrel-macos-arm64
Version: 1.6-2
Check: package dependencies
Result: NOTE
Package suggested but not available for checking: ‘org.Hs.eg.db’
Flavor: r-oldrel-macos-x86_64