Last updated on 2022-08-15 08:50:04 CEST.
Flavor | Version | Tinstall | Tcheck | Ttotal | Status | Flags |
---|---|---|---|---|---|---|
r-devel-linux-x86_64-debian-clang | 1.0.1 | 3.70 | 56.45 | 60.15 | NOTE | |
r-devel-linux-x86_64-debian-gcc | 1.0.1 | 3.01 | 41.73 | 44.74 | NOTE | |
r-devel-linux-x86_64-fedora-clang | 1.0.1 | 83.58 | NOTE | |||
r-devel-linux-x86_64-fedora-gcc | 1.0.1 | 80.57 | NOTE | |||
r-devel-windows-x86_64 | 1.0.1 | 42.00 | 96.00 | 138.00 | NOTE | |
r-patched-linux-x86_64 | 1.0.1 | 3.03 | 53.21 | 56.24 | NOTE | |
r-release-linux-x86_64 | 1.0.1 | 4.34 | 52.71 | 57.05 | NOTE | |
r-release-macos-arm64 | 1.0.1 | 26.00 | NOTE | |||
r-release-macos-x86_64 | 1.0.1 | 35.00 | NOTE | |||
r-release-windows-x86_64 | 1.0.1 | 32.00 | 97.00 | 129.00 | NOTE | |
r-oldrel-macos-arm64 | 1.0.1 | 30.00 | NOTE | |||
r-oldrel-macos-x86_64 | 1.0.1 | 50.00 | NOTE | |||
r-oldrel-windows-ix86+x86_64 | 1.0.1 | 10.00 | 82.00 | 92.00 | NOTE |
Version: 1.0.1
Check: package dependencies
Result: NOTE
Package suggested but not available for checking: 'rdt'
Flavors: r-devel-linux-x86_64-debian-clang, r-devel-linux-x86_64-debian-gcc, r-devel-linux-x86_64-fedora-clang, r-devel-linux-x86_64-fedora-gcc, r-devel-windows-x86_64, r-patched-linux-x86_64, r-release-linux-x86_64, r-release-macos-arm64, r-release-windows-x86_64, r-oldrel-macos-arm64, r-oldrel-macos-x86_64, r-oldrel-windows-ix86+x86_64
Version: 1.0.1
Check: package dependencies
Result: NOTE
Packages suggested but not available for checking: 'rdtLite', 'rdt'
Flavor: r-release-macos-x86_64