Last updated on 2022-08-15 08:50:04 CEST.
Flavor | Version | Tinstall | Tcheck | Ttotal | Status | Flags |
---|---|---|---|---|---|---|
r-devel-linux-x86_64-debian-clang | 2.1.1 | 41.59 | 105.80 | 147.39 | OK | |
r-devel-linux-x86_64-debian-gcc | 2.1.1 | 36.92 | 79.25 | 116.17 | OK | |
r-devel-linux-x86_64-fedora-clang | 2.1.1 | 204.54 | OK | |||
r-devel-linux-x86_64-fedora-gcc | 2.1.1 | 192.61 | OK | |||
r-devel-windows-x86_64 | 2.1.1 | 60.00 | 168.00 | 228.00 | OK | |
r-patched-linux-x86_64 | 2.1.1 | 43.54 | 96.37 | 139.91 | OK | |
r-release-linux-x86_64 | 2.1.1 | 37.40 | 98.34 | 135.74 | OK | |
r-release-macos-arm64 | 2.1.1 | 65.00 | NOTE | |||
r-release-macos-x86_64 | 2.1.1 | 81.00 | NOTE | |||
r-release-windows-x86_64 | 2.1.1 | 67.00 | 166.00 | 233.00 | OK | |
r-oldrel-macos-arm64 | 2.1.1 | 56.00 | NOTE | |||
r-oldrel-macos-x86_64 | 2.1.1 | 87.00 | NOTE | |||
r-oldrel-windows-ix86+x86_64 | 2.1.1 | 111.00 | 467.00 | 578.00 | OK |
Version: 2.1.1
Check: installed package size
Result: NOTE
installed size is 5.2Mb
sub-directories of 1Mb or more:
doc 1.5Mb
libs 3.0Mb
Flavors: r-release-macos-arm64, r-release-macos-x86_64, r-oldrel-macos-arm64, r-oldrel-macos-x86_64