Last updated on 2022-08-15 08:50:04 CEST.
Flavor | Version | Tinstall | Tcheck | Ttotal | Status | Flags |
---|---|---|---|---|---|---|
r-devel-linux-x86_64-debian-clang | 1.0.1 | 2.74 | 67.05 | 69.79 | OK | |
r-devel-linux-x86_64-debian-gcc | 1.0.1 | 2.26 | 48.53 | 50.79 | OK | |
r-devel-linux-x86_64-fedora-clang | 1.0.1 | 91.09 | NOTE | |||
r-devel-linux-x86_64-fedora-gcc | 1.0.1 | 89.65 | NOTE | |||
r-devel-windows-x86_64 | 1.0.1 | 12.00 | 95.00 | 107.00 | OK | |
r-patched-linux-x86_64 | 1.0.1 | 3.11 | 61.14 | 64.25 | OK | |
r-release-linux-x86_64 | 1.0.1 | 2.82 | 62.68 | 65.50 | OK | |
r-release-macos-arm64 | 1.0.1 | 49.00 | NOTE | |||
r-release-macos-x86_64 | 1.0.1 | 89.00 | NOTE | |||
r-release-windows-x86_64 | 1.0.1 | 20.00 | 96.00 | 116.00 | OK | |
r-oldrel-macos-arm64 | 1.0.1 | 132.00 | NOTE | |||
r-oldrel-macos-x86_64 | 1.0.1 | 67.00 | NOTE | |||
r-oldrel-windows-ix86+x86_64 | 1.0.1 | 10.00 | 86.00 | 96.00 | OK |
Version: 1.0.1
Check: dependencies in R code
Result: NOTE
Namespaces in Imports field not imported from:
‘devtools’ ‘qpdf’
All declared Imports should be used.
Flavors: r-devel-linux-x86_64-fedora-clang, r-devel-linux-x86_64-fedora-gcc, r-release-macos-arm64, r-release-macos-x86_64, r-oldrel-macos-arm64, r-oldrel-macos-x86_64