Last updated on 2022-08-15 08:50:04 CEST.
Flavor | Version | Tinstall | Tcheck | Ttotal | Status | Flags |
---|---|---|---|---|---|---|
r-devel-linux-x86_64-debian-clang | 1.3.1 | 5.17 | 188.56 | 193.73 | NOTE | |
r-devel-linux-x86_64-debian-gcc | 1.3.1 | 3.63 | 135.74 | 139.37 | NOTE | |
r-devel-linux-x86_64-fedora-clang | 1.3.1 | 234.17 | NOTE | |||
r-devel-linux-x86_64-fedora-gcc | 1.3.1 | 236.92 | NOTE | |||
r-devel-windows-x86_64 | 1.3.1 | 8.00 | 219.00 | 227.00 | NOTE | |
r-patched-linux-x86_64 | 1.3.1 | 3.80 | 181.16 | 184.96 | NOTE | |
r-release-linux-x86_64 | 1.3.1 | 4.87 | 181.03 | 185.90 | NOTE | |
r-release-macos-arm64 | 1.3.1 | 52.00 | NOTE | |||
r-release-macos-x86_64 | 1.3.1 | 84.00 | NOTE | |||
r-release-windows-x86_64 | 1.3.1 | 16.00 | 219.00 | 235.00 | NOTE | |
r-oldrel-macos-arm64 | 1.3.1 | 72.00 | NOTE | |||
r-oldrel-macos-x86_64 | 1.3.1 | 112.00 | NOTE | |||
r-oldrel-windows-ix86+x86_64 | 1.3.1 | 8.00 | 228.00 | 236.00 | NOTE |
Version: 1.3.1
Check: LazyData
Result: NOTE
'LazyData' is specified without a 'data' directory
Flavors: r-devel-linux-x86_64-debian-clang, r-devel-linux-x86_64-debian-gcc, r-devel-linux-x86_64-fedora-clang, r-devel-linux-x86_64-fedora-gcc, r-devel-windows-x86_64, r-patched-linux-x86_64, r-release-linux-x86_64, r-release-macos-arm64, r-release-macos-x86_64, r-release-windows-x86_64, r-oldrel-macos-arm64, r-oldrel-macos-x86_64, r-oldrel-windows-ix86+x86_64