Last updated on 2022-08-15 08:50:04 CEST.
Flavor | Version | Tinstall | Tcheck | Ttotal | Status | Flags |
---|---|---|---|---|---|---|
r-devel-linux-x86_64-debian-clang | 1.0.0 | 28.89 | 715.44 | 744.33 | OK | |
r-devel-linux-x86_64-debian-gcc | 1.0.0 | 24.16 | 521.83 | 545.99 | OK | |
r-devel-linux-x86_64-fedora-clang | 1.0.0 | 857.69 | NOTE | |||
r-devel-linux-x86_64-fedora-gcc | 1.0.0 | 920.84 | NOTE | |||
r-devel-windows-x86_64 | 1.0.0 | 56.00 | 765.00 | 821.00 | OK | |
r-patched-linux-x86_64 | 1.0.0 | 30.61 | 686.81 | 717.42 | OK | |
r-release-linux-x86_64 | 1.0.0 | 27.21 | 684.38 | 711.59 | OK | |
r-release-macos-arm64 | 1.0.0 | 224.00 | NOTE | |||
r-release-macos-x86_64 | 1.0.0 | 379.00 | NOTE | |||
r-release-windows-x86_64 | 1.0.0 | 84.00 | 746.00 | 830.00 | OK | |
r-oldrel-macos-arm64 | 1.0.0 | 261.00 | NOTE | |||
r-oldrel-macos-x86_64 | 1.0.0 | 320.00 | NOTE | |||
r-oldrel-windows-ix86+x86_64 | 1.0.0 | 62.00 | 863.00 | 925.00 | WARN |
Version: 1.0.0
Check: dependencies in R code
Result: NOTE
Namespace in Imports field not imported from: ‘miceadds’
All declared Imports should be used.
Flavors: r-devel-linux-x86_64-fedora-clang, r-devel-linux-x86_64-fedora-gcc, r-release-macos-arm64, r-release-macos-x86_64, r-oldrel-macos-arm64, r-oldrel-macos-x86_64
Version: 1.0.0
Check: re-building of vignette outputs
Result: WARN
Error(s) in re-building vignettes:
--- re-building 'MI_boot.Rmd' using rmarkdown
--- finished re-building 'MI_boot.Rmd'
--- re-building 'MI_cv_naive.Rmd' using rmarkdown
--- finished re-building 'MI_cv_naive.Rmd'
--- re-building 'Pool_Model_Performance.Rmd' using rmarkdown
--- finished re-building 'Pool_Model_Performance.Rmd'
--- re-building 'Pooling_AUC_values.Rmd' using rmarkdown
--- finished re-building 'Pooling_AUC_values.Rmd'
--- re-building 'boot_MI.Rmd' using rmarkdown
--- finished re-building 'boot_MI.Rmd'
--- re-building 'cv_MI.Rmd' using rmarkdown
--- finished re-building 'cv_MI.Rmd'
--- re-building 'cv_MI_RR.Rmd' using rmarkdown
--- finished re-building 'cv_MI_RR.Rmd'
--- re-building 'development_workflow.Rmd' using rmarkdown
Attaching package: 'mice'
The following object is masked from 'package:stats':
filter
The following objects are masked from 'package:base':
cbind, rbind
--- finished re-building 'development_workflow.Rmd'
--- re-building 'psfmi_CoxModels.Rmd' using rmarkdown
--- finished re-building 'psfmi_CoxModels.Rmd'
--- re-building 'psfmi_LinearModels.Rmd' using rmarkdown
--- finished re-building 'psfmi_LinearModels.Rmd'
--- re-building 'psfmi_LogisticModels.Rmd' using rmarkdown
--- finished re-building 'psfmi_LogisticModels.Rmd'
--- re-building 'psfmi_StabilityAnalysis.Rmd' using rmarkdown
Quitting from lines 60-78 (psfmi_StabilityAnalysis.Rmd)
Error: processing vignette 'psfmi_StabilityAnalysis.Rmd' failed with diagnostics:
argument is of length zero
--- failed re-building 'psfmi_StabilityAnalysis.Rmd'
--- re-building 'psfmi_mice.Rmd' using rmarkdown
--- finished re-building 'psfmi_mice.Rmd'
SUMMARY: processing the following file failed:
'psfmi_StabilityAnalysis.Rmd'
Error: Vignette re-building failed.
Execution halted
Flavor: r-oldrel-windows-ix86+x86_64