Last updated on 2022-08-15 08:50:04 CEST.
Flavor | Version | Tinstall | Tcheck | Ttotal | Status | Flags |
---|---|---|---|---|---|---|
r-devel-linux-x86_64-debian-clang | 0.3-19 | 277.83 | 112.24 | 390.07 | OK | |
r-devel-linux-x86_64-debian-gcc | 0.3-19 | 212.15 | 81.53 | 293.68 | OK | |
r-devel-linux-x86_64-fedora-clang | 0.3-19 | 563.05 | OK | |||
r-devel-linux-x86_64-fedora-gcc | 0.3-19 | 505.07 | OK | |||
r-devel-windows-x86_64 | 0.3-19 | 233.00 | 183.00 | 416.00 | OK | |
r-patched-linux-x86_64 | 0.3-19 | 222.09 | 103.52 | 325.61 | OK | |
r-release-linux-x86_64 | 0.3-19 | 222.87 | 102.98 | 325.85 | OK | |
r-release-macos-arm64 | 0.3-19 | 92.00 | NOTE | |||
r-release-macos-x86_64 | 0.3-19 | 218.00 | NOTE | |||
r-release-windows-x86_64 | 0.3-19 | 198.00 | 172.00 | 370.00 | OK | |
r-oldrel-macos-arm64 | 0.3-19 | 117.00 | NOTE | |||
r-oldrel-macos-x86_64 | 0.3-19 | 179.00 | NOTE | |||
r-oldrel-windows-ix86+x86_64 | 0.3-19 | 674.00 | 260.00 | 934.00 | OK |
Version: 0.3-19
Check: installed package size
Result: NOTE
installed size is 8.6Mb
sub-directories of 1Mb or more:
libs 8.5Mb
Flavors: r-release-macos-arm64, r-release-macos-x86_64, r-oldrel-macos-arm64, r-oldrel-macos-x86_64