Last updated on 2022-08-15 08:50:04 CEST.
Flavor | Version | Tinstall | Tcheck | Ttotal | Status | Flags |
---|---|---|---|---|---|---|
r-devel-linux-x86_64-debian-clang | 1.0.2 | 9.49 | 91.41 | 100.90 | NOTE | |
r-devel-linux-x86_64-debian-gcc | 1.0.2 | 8.52 | 69.63 | 78.15 | NOTE | |
r-devel-linux-x86_64-fedora-clang | 1.0.2 | 130.44 | NOTE | |||
r-devel-linux-x86_64-fedora-gcc | 1.0.2 | 129.01 | NOTE | |||
r-devel-windows-x86_64 | 1.0.2 | 13.00 | 110.00 | 123.00 | NOTE | |
r-patched-linux-x86_64 | 1.0.2 | 9.51 | 88.07 | 97.58 | NOTE | |
r-release-linux-x86_64 | 1.0.2 | 7.69 | 86.80 | 94.49 | NOTE | |
r-release-macos-arm64 | 1.0.2 | 33.00 | NOTE | |||
r-release-macos-x86_64 | 1.0.2 | 65.00 | NOTE | |||
r-release-windows-x86_64 | 1.0.2 | 15.00 | 113.00 | 128.00 | NOTE | |
r-oldrel-macos-arm64 | 1.0.2 | 39.00 | NOTE | |||
r-oldrel-macos-x86_64 | 1.0.2 | 66.00 | NOTE | |||
r-oldrel-windows-ix86+x86_64 | 1.0.2 | 23.00 | 106.00 | 129.00 | NOTE |
Version: 1.0.2
Check: LazyData
Result: NOTE
'LazyData' is specified without a 'data' directory
Flavors: r-devel-linux-x86_64-debian-clang, r-devel-linux-x86_64-debian-gcc, r-devel-linux-x86_64-fedora-clang, r-devel-linux-x86_64-fedora-gcc, r-devel-windows-x86_64, r-patched-linux-x86_64, r-release-linux-x86_64, r-release-macos-arm64, r-release-macos-x86_64, r-release-windows-x86_64, r-oldrel-macos-arm64, r-oldrel-macos-x86_64, r-oldrel-windows-ix86+x86_64