Last updated on 2022-08-15 08:50:05 CEST.
Flavor | Version | Tinstall | Tcheck | Ttotal | Status | Flags |
---|---|---|---|---|---|---|
r-devel-linux-x86_64-debian-clang | 1.0.1 | 2.69 | 25.24 | 27.93 | OK | |
r-devel-linux-x86_64-debian-gcc | 1.0.1 | 2.03 | 19.50 | 21.53 | OK | |
r-devel-linux-x86_64-fedora-clang | 1.0.1 | 44.40 | NOTE | |||
r-devel-linux-x86_64-fedora-gcc | 1.0.1 | 43.01 | NOTE | |||
r-devel-windows-x86_64 | 1.0.1 | 27.00 | 51.00 | 78.00 | OK | |
r-patched-linux-x86_64 | 1.0.1 | 2.75 | 23.43 | 26.18 | OK | |
r-release-linux-x86_64 | 1.0.1 | 2.67 | 24.25 | 26.92 | OK | |
r-release-macos-arm64 | 1.0.1 | 16.00 | NOTE | |||
r-release-macos-x86_64 | 1.0.1 | 23.00 | NOTE | |||
r-release-windows-x86_64 | 1.0.1 | 22.00 | 49.00 | 71.00 | OK | |
r-oldrel-macos-arm64 | 1.0.1 | 16.00 | NOTE | |||
r-oldrel-macos-x86_64 | 1.0.1 | 21.00 | NOTE | |||
r-oldrel-windows-ix86+x86_64 | 1.0.1 | 6.00 | 48.00 | 54.00 | OK |
Version: 1.0.1
Check: dependencies in R code
Result: NOTE
Namespace in Imports field not imported from: ‘Rdpack’
All declared Imports should be used.
Flavors: r-devel-linux-x86_64-fedora-clang, r-devel-linux-x86_64-fedora-gcc, r-release-macos-arm64, r-release-macos-x86_64, r-oldrel-macos-arm64, r-oldrel-macos-x86_64
Version: 1.0.1
Check: data for non-ASCII characters
Result: NOTE
Note: found 107 marked UTF-8 strings
Flavors: r-devel-linux-x86_64-fedora-clang, r-devel-linux-x86_64-fedora-gcc, r-release-macos-arm64, r-release-macos-x86_64, r-oldrel-macos-arm64, r-oldrel-macos-x86_64