Last updated on 2022-08-15 08:50:05 CEST.
Flavor | Version | Tinstall | Tcheck | Ttotal | Status | Flags |
---|---|---|---|---|---|---|
r-devel-linux-x86_64-debian-clang | 0.2.6 | 23.79 | 215.62 | 239.41 | OK | |
r-devel-linux-x86_64-debian-gcc | 0.2.6 | 20.69 | 157.49 | 178.18 | OK | |
r-devel-linux-x86_64-fedora-clang | 0.2.6 | 284.82 | OK | |||
r-devel-linux-x86_64-fedora-gcc | 0.2.6 | 291.61 | OK | |||
r-devel-windows-x86_64 | 0.2.6 | 47.00 | 266.00 | 313.00 | OK | |
r-patched-linux-x86_64 | 0.2.6 | 23.31 | 203.71 | 227.02 | OK | |
r-release-linux-x86_64 | 0.2.6 | 21.44 | 202.78 | 224.22 | OK | |
r-release-macos-arm64 | 0.2.6 | 188.00 | OK | |||
r-release-macos-x86_64 | 0.2.6 | 7.00 | ERROR | |||
r-release-windows-x86_64 | 0.2.6 | 54.00 | 271.00 | 325.00 | OK | |
r-oldrel-macos-arm64 | 0.2.6 | 9.00 | ERROR | |||
r-oldrel-macos-x86_64 | 0.2.6 | 10.00 | ERROR | |||
r-oldrel-windows-ix86+x86_64 | 0.2.6 | 49.00 | 261.00 | 310.00 | OK |
Version: 0.2.6
Check: package dependencies
Result: ERROR
Package required but not available: ‘muscle’
See section ‘The DESCRIPTION file’ in the ‘Writing R Extensions’
manual.
Flavors: r-release-macos-x86_64, r-oldrel-macos-arm64, r-oldrel-macos-x86_64