Last updated on 2022-08-15 08:50:05 CEST.
Flavor | Version | Tinstall | Tcheck | Ttotal | Status | Flags |
---|---|---|---|---|---|---|
r-devel-linux-x86_64-debian-clang | 1.1.2 | 4.91 | 371.98 | 376.89 | OK | |
r-devel-linux-x86_64-debian-gcc | 1.1.2 | 3.77 | 263.08 | 266.85 | OK | |
r-devel-linux-x86_64-fedora-clang | 1.1.2 | 422.80 | OK | |||
r-devel-linux-x86_64-fedora-gcc | 1.1.2 | 462.92 | OK | |||
r-devel-windows-x86_64 | 1.1.2 | 14.00 | 384.00 | 398.00 | OK | |
r-patched-linux-x86_64 | 1.1.2 | 5.22 | 349.52 | 354.74 | OK | |
r-release-linux-x86_64 | 1.1.2 | 3.86 | 339.72 | 343.58 | OK | |
r-release-macos-arm64 | 1.1.2 | 7.00 | ERROR | |||
r-release-macos-x86_64 | 1.1.2 | 6.00 | ERROR | |||
r-release-windows-x86_64 | 1.1.2 | 16.00 | 369.00 | 385.00 | OK | |
r-oldrel-macos-arm64 | 1.1.2 | 10.00 | ERROR | |||
r-oldrel-macos-x86_64 | 1.1.2 | 10.00 | ERROR | |||
r-oldrel-windows-ix86+x86_64 | 1.1.2 | 10.00 | 391.00 | 401.00 | OK |
Version: 1.1.2
Check: package dependencies
Result: ERROR
Package required but not available: ‘tweeDEseq’
See section ‘The DESCRIPTION file’ in the ‘Writing R Extensions’
manual.
Flavors: r-release-macos-arm64, r-release-macos-x86_64, r-oldrel-macos-arm64, r-oldrel-macos-x86_64