Last updated on 2022-08-15 08:50:05 CEST.
Flavor | Version | Tinstall | Tcheck | Ttotal | Status | Flags |
---|---|---|---|---|---|---|
r-devel-linux-x86_64-debian-clang | 1.2.7 | 14.35 | 385.67 | 400.02 | OK | |
r-devel-linux-x86_64-debian-gcc | 1.2.7 | 10.61 | 270.53 | 281.14 | OK | |
r-devel-linux-x86_64-fedora-clang | 1.2.7 | 442.27 | NOTE | |||
r-devel-linux-x86_64-fedora-gcc | 1.2.7 | 465.60 | NOTE | |||
r-devel-windows-x86_64 | 1.2.7 | 37.00 | 407.00 | 444.00 | OK | |
r-patched-linux-x86_64 | 1.2.7 | 19.32 | 347.00 | 366.32 | OK | |
r-release-linux-x86_64 | 1.2.7 | 10.17 | 338.65 | 348.82 | OK | |
r-release-macos-arm64 | 1.2.7 | 122.00 | NOTE | |||
r-release-macos-x86_64 | 1.2.7 | 207.00 | NOTE | |||
r-release-windows-x86_64 | 1.2.7 | 46.00 | 393.00 | 439.00 | OK | |
r-oldrel-macos-arm64 | 1.2.7 | 121.00 | NOTE | |||
r-oldrel-macos-x86_64 | 1.2.7 | 155.00 | NOTE | |||
r-oldrel-windows-ix86+x86_64 | 1.2.7 | 39.00 | 424.00 | 463.00 | OK |
Version: 1.2.7
Check: dependencies in R code
Result: NOTE
Namespaces in Imports field not imported from:
‘Hmisc’ ‘sjPlot’
All declared Imports should be used.
Flavors: r-devel-linux-x86_64-fedora-clang, r-devel-linux-x86_64-fedora-gcc, r-release-macos-arm64, r-release-macos-x86_64, r-oldrel-macos-arm64, r-oldrel-macos-x86_64