Last updated on 2022-08-15 08:50:05 CEST.
Flavor | Version | Tinstall | Tcheck | Ttotal | Status | Flags |
---|---|---|---|---|---|---|
r-devel-linux-x86_64-debian-clang | 0.0.3 | 3.59 | 33.68 | 37.27 | NOTE | |
r-devel-linux-x86_64-debian-gcc | 0.0.3 | 2.27 | 26.38 | 28.65 | NOTE | |
r-devel-linux-x86_64-fedora-clang | 0.0.3 | 56.13 | NOTE | |||
r-devel-linux-x86_64-fedora-gcc | 0.0.3 | 54.29 | NOTE | |||
r-devel-windows-x86_64 | 0.0.3 | 11.00 | 61.00 | 72.00 | NOTE | |
r-patched-linux-x86_64 | 0.0.3 | 2.64 | 32.64 | 35.28 | NOTE | |
r-release-linux-x86_64 | 0.0.3 | 3.33 | 32.91 | 36.24 | NOTE | |
r-release-macos-arm64 | 0.0.3 | 17.00 | NOTE | |||
r-release-macos-x86_64 | 0.0.3 | 27.00 | NOTE | |||
r-release-windows-x86_64 | 0.0.3 | 8.00 | 61.00 | 69.00 | NOTE | |
r-oldrel-macos-arm64 | 0.0.3 | 28.00 | NOTE | |||
r-oldrel-macos-x86_64 | 0.0.3 | 32.00 | NOTE | |||
r-oldrel-windows-ix86+x86_64 | 0.0.3 | 7.00 | 54.00 | 61.00 | NOTE |
Version: 0.0.3
Check: LazyData
Result: NOTE
'LazyData' is specified without a 'data' directory
Flavors: r-devel-linux-x86_64-debian-clang, r-devel-linux-x86_64-debian-gcc, r-devel-linux-x86_64-fedora-clang, r-devel-linux-x86_64-fedora-gcc, r-devel-windows-x86_64, r-patched-linux-x86_64, r-release-linux-x86_64, r-release-macos-arm64, r-release-macos-x86_64, r-release-windows-x86_64, r-oldrel-macos-arm64, r-oldrel-macos-x86_64, r-oldrel-windows-ix86+x86_64