Last updated on 2022-08-15 08:50:05 CEST.
Flavor | Version | Tinstall | Tcheck | Ttotal | Status | Flags |
---|---|---|---|---|---|---|
r-devel-linux-x86_64-debian-clang | 1.2 | 2.21 | 31.27 | 33.48 | NOTE | |
r-devel-linux-x86_64-debian-gcc | 1.2 | 2.13 | 23.61 | 25.74 | NOTE | |
r-devel-linux-x86_64-fedora-clang | 1.2 | 51.83 | NOTE | |||
r-devel-linux-x86_64-fedora-gcc | 1.2 | 59.27 | NOTE | |||
r-devel-windows-x86_64 | 1.2 | 57.00 | 67.00 | 124.00 | NOTE | |
r-patched-linux-x86_64 | 1.2 | 3.28 | 29.11 | 32.39 | NOTE | |
r-release-linux-x86_64 | 1.2 | 2.24 | 29.99 | 32.23 | NOTE | |
r-release-macos-arm64 | 1.2 | 23.00 | NOTE | |||
r-release-macos-x86_64 | 1.2 | 43.00 | NOTE | |||
r-release-windows-x86_64 | 1.2 | 31.00 | 67.00 | 98.00 | NOTE | |
r-oldrel-macos-arm64 | 1.2 | 27.00 | NOTE | |||
r-oldrel-macos-x86_64 | 1.2 | 29.00 | NOTE | |||
r-oldrel-windows-ix86+x86_64 | 1.2 | 7.00 | 50.00 | 57.00 | NOTE |
Version: 1.2
Check: LazyData
Result: NOTE
'LazyData' is specified without a 'data' directory
Flavors: r-devel-linux-x86_64-debian-clang, r-devel-linux-x86_64-debian-gcc, r-devel-linux-x86_64-fedora-clang, r-devel-linux-x86_64-fedora-gcc, r-devel-windows-x86_64, r-patched-linux-x86_64, r-release-linux-x86_64, r-release-macos-arm64, r-release-macos-x86_64, r-release-windows-x86_64, r-oldrel-macos-arm64, r-oldrel-macos-x86_64, r-oldrel-windows-ix86+x86_64