Last updated on 2022-08-15 08:50:05 CEST.
Flavor | Version | Tinstall | Tcheck | Ttotal | Status | Flags |
---|---|---|---|---|---|---|
r-devel-linux-x86_64-debian-clang | 1.1.1 | 54.74 | 34.56 | 89.30 | OK | |
r-devel-linux-x86_64-debian-gcc | 1.1.1 | 42.24 | 27.59 | 69.83 | OK | |
r-devel-linux-x86_64-fedora-clang | 1.1.1 | 123.76 | NOTE | |||
r-devel-linux-x86_64-fedora-gcc | 1.1.1 | 124.78 | NOTE | |||
r-devel-windows-x86_64 | 1.1.1 | 42.00 | 81.00 | 123.00 | OK | |
r-patched-linux-x86_64 | 1.1.1 | 48.51 | 35.24 | 83.75 | OK | |
r-release-linux-x86_64 | 1.1.1 | 45.90 | 35.58 | 81.48 | OK | |
r-release-macos-arm64 | 1.1.1 | 37.00 | NOTE | |||
r-release-macos-x86_64 | 1.1.1 | 50.00 | NOTE | |||
r-release-windows-x86_64 | 1.1.1 | 40.00 | 81.00 | 121.00 | OK | |
r-oldrel-macos-arm64 | 1.1.1 | 35.00 | NOTE | |||
r-oldrel-macos-x86_64 | 1.1.1 | 50.00 | NOTE | |||
r-oldrel-windows-ix86+x86_64 | 1.1.1 | 109.00 | 81.00 | 190.00 | OK |
Version: 1.1.1
Check: dependencies in R code
Result: NOTE
Namespaces in Imports field not imported from:
‘Rcpp’ ‘RcppEigen’
All declared Imports should be used.
Flavors: r-devel-linux-x86_64-fedora-clang, r-devel-linux-x86_64-fedora-gcc, r-release-macos-arm64, r-release-macos-x86_64, r-oldrel-macos-arm64, r-oldrel-macos-x86_64
Version: 1.1.1
Check: installed package size
Result: NOTE
installed size is 16.5Mb
sub-directories of 1Mb or more:
libs 16.3Mb
Flavors: r-release-macos-arm64, r-release-macos-x86_64, r-oldrel-macos-arm64, r-oldrel-macos-x86_64