Last updated on 2022-08-15 08:50:05 CEST.
Flavor | Version | Tinstall | Tcheck | Ttotal | Status | Flags |
---|---|---|---|---|---|---|
r-devel-linux-x86_64-debian-clang | 0.42.4 | 4.03 | 33.38 | 37.41 | NOTE | |
r-devel-linux-x86_64-debian-gcc | 0.42.4 | 3.04 | 25.85 | 28.89 | NOTE | |
r-devel-linux-x86_64-fedora-clang | 0.42.4 | 54.88 | NOTE | |||
r-devel-linux-x86_64-fedora-gcc | 0.42.4 | 53.44 | NOTE | |||
r-devel-windows-x86_64 | 0.42.4 | 7.00 | 58.00 | 65.00 | NOTE | |
r-patched-linux-x86_64 | 0.42.4 | 3.14 | 31.83 | 34.97 | NOTE | |
r-release-linux-x86_64 | 0.42.4 | 3.40 | 33.31 | 36.71 | NOTE | |
r-release-macos-arm64 | 0.42.4 | 18.00 | NOTE | |||
r-release-macos-x86_64 | 0.42.4 | 26.00 | NOTE | |||
r-release-windows-x86_64 | 0.42.4 | 12.00 | 59.00 | 71.00 | NOTE | |
r-oldrel-macos-arm64 | 0.42.4 | 22.00 | NOTE | |||
r-oldrel-macos-x86_64 | 0.42.4 | 33.00 | NOTE | |||
r-oldrel-windows-ix86+x86_64 | 0.42.4 | 8.00 | 57.00 | 65.00 | NOTE |
Version: 0.42.4
Check: LazyData
Result: NOTE
'LazyData' is specified without a 'data' directory
Flavors: r-devel-linux-x86_64-debian-clang, r-devel-linux-x86_64-debian-gcc, r-devel-linux-x86_64-fedora-clang, r-devel-linux-x86_64-fedora-gcc, r-devel-windows-x86_64, r-patched-linux-x86_64, r-release-linux-x86_64, r-release-macos-arm64, r-release-macos-x86_64, r-release-windows-x86_64, r-oldrel-macos-arm64, r-oldrel-macos-x86_64, r-oldrel-windows-ix86+x86_64