Last updated on 2022-08-15 08:50:05 CEST.
Flavor | Version | Tinstall | Tcheck | Ttotal | Status | Flags |
---|---|---|---|---|---|---|
r-devel-linux-x86_64-debian-clang | 0.1.8 | 20.02 | 37.72 | 57.74 | NOTE | |
r-devel-linux-x86_64-debian-gcc | 0.1.8 | 13.70 | 28.94 | 42.64 | NOTE | |
r-devel-linux-x86_64-fedora-clang | 0.1.8 | 84.92 | NOTE | |||
r-devel-linux-x86_64-fedora-gcc | 0.1.8 | 77.30 | NOTE | |||
r-devel-windows-x86_64 | 0.1.8 | 26.00 | 76.00 | 102.00 | NOTE | |
r-patched-linux-x86_64 | 0.1.8 | 14.23 | 36.04 | 50.27 | NOTE | |
r-release-linux-x86_64 | 0.1.8 | 14.16 | 36.73 | 50.89 | NOTE | |
r-release-macos-arm64 | 0.1.8 | 25.00 | NOTE | |||
r-release-macos-x86_64 | 0.1.8 | 33.00 | NOTE | |||
r-release-windows-x86_64 | 0.1.8 | 26.00 | 78.00 | 104.00 | NOTE | |
r-oldrel-macos-arm64 | 0.1.8 | 28.00 | NOTE | |||
r-oldrel-macos-x86_64 | 0.1.8 | 40.00 | NOTE | |||
r-oldrel-windows-ix86+x86_64 | 0.1.8 | 45.00 | 86.00 | 131.00 | NOTE |
Version: 0.1.8
Check: LazyData
Result: NOTE
'LazyData' is specified without a 'data' directory
Flavors: r-devel-linux-x86_64-debian-clang, r-devel-linux-x86_64-debian-gcc, r-devel-linux-x86_64-fedora-clang, r-devel-linux-x86_64-fedora-gcc, r-devel-windows-x86_64, r-patched-linux-x86_64, r-release-linux-x86_64, r-release-macos-arm64, r-release-macos-x86_64, r-release-windows-x86_64, r-oldrel-macos-arm64, r-oldrel-macos-x86_64, r-oldrel-windows-ix86+x86_64