Last updated on 2022-08-15 08:50:05 CEST.
Flavor | Version | Tinstall | Tcheck | Ttotal | Status | Flags |
---|---|---|---|---|---|---|
r-devel-linux-x86_64-debian-clang | 0.2.0 | 13.50 | 121.15 | 134.65 | OK | |
r-devel-linux-x86_64-debian-gcc | 0.2.0 | 11.29 | 88.24 | 99.53 | OK | |
r-devel-linux-x86_64-fedora-clang | 0.2.0 | 166.44 | NOTE | |||
r-devel-linux-x86_64-fedora-gcc | 0.2.0 | 174.50 | NOTE | |||
r-devel-windows-x86_64 | 0.2.0 | 29.00 | 131.00 | 160.00 | OK | |
r-patched-linux-x86_64 | 0.2.0 | 13.12 | 111.44 | 124.56 | OK | |
r-release-linux-x86_64 | 0.2.0 | 12.02 | 114.02 | 126.04 | OK | |
r-release-macos-arm64 | 0.2.0 | 47.00 | NOTE | |||
r-release-macos-x86_64 | 0.2.0 | 63.00 | NOTE | |||
r-release-windows-x86_64 | 0.2.0 | 25.00 | 133.00 | 158.00 | OK | |
r-oldrel-macos-arm64 | 0.2.0 | 46.00 | NOTE | |||
r-oldrel-macos-x86_64 | 0.2.0 | 61.00 | NOTE | |||
r-oldrel-windows-ix86+x86_64 | 0.2.0 | 31.00 | 130.00 | 161.00 | OK |
Version: 0.2.0
Check: dependencies in R code
Result: NOTE
Namespaces in Imports field not imported from:
‘data.table’ ‘readxl’ ‘reshape2’ ‘sjmisc’ ‘stringr’ ‘xlsx’
All declared Imports should be used.
Flavors: r-devel-linux-x86_64-fedora-clang, r-devel-linux-x86_64-fedora-gcc, r-release-macos-arm64, r-release-macos-x86_64, r-oldrel-macos-arm64, r-oldrel-macos-x86_64