Last updated on 2022-08-15 08:50:05 CEST.
Flavor | Version | Tinstall | Tcheck | Ttotal | Status | Flags |
---|---|---|---|---|---|---|
r-devel-linux-x86_64-debian-clang | 1.0.3 | 181.36 | 57.43 | 238.79 | OK | |
r-devel-linux-x86_64-debian-gcc | 1.0.3 | 147.80 | 41.62 | 189.42 | OK | |
r-devel-linux-x86_64-fedora-clang | 1.0.3 | 360.13 | OK | |||
r-devel-linux-x86_64-fedora-gcc | 1.0.3 | 328.09 | OK | |||
r-devel-windows-x86_64 | 1.0.3 | 149.00 | 106.00 | 255.00 | OK | |
r-patched-linux-x86_64 | 1.0.3 | 152.58 | 53.09 | 205.67 | OK | |
r-release-linux-x86_64 | 1.0.3 | 142.69 | 52.81 | 195.50 | OK | |
r-release-macos-arm64 | 1.0.3 | 79.00 | NOTE | |||
r-release-macos-x86_64 | 1.0.3 | 129.00 | NOTE | |||
r-release-windows-x86_64 | 1.0.3 | 140.00 | 110.00 | 250.00 | OK | |
r-oldrel-macos-arm64 | 1.0.3 | 77.00 | NOTE | |||
r-oldrel-macos-x86_64 | 1.0.3 | 103.00 | NOTE | |||
r-oldrel-windows-ix86+x86_64 | 1.0.3 | 456.00 | 106.00 | 562.00 | OK |
Version: 1.0.3
Check: installed package size
Result: NOTE
installed size is 6.4Mb
sub-directories of 1Mb or more:
libs 5.9Mb
Flavors: r-release-macos-arm64, r-release-macos-x86_64, r-oldrel-macos-arm64, r-oldrel-macos-x86_64