Last updated on 2022-08-15 08:50:05 CEST.
Flavor | Version | Tinstall | Tcheck | Ttotal | Status | Flags |
---|---|---|---|---|---|---|
r-devel-linux-x86_64-debian-clang | 1.0.7 | 4.31 | 27.96 | 32.27 | OK | |
r-devel-linux-x86_64-debian-gcc | 1.0.7 | 3.03 | 21.25 | 24.28 | OK | |
r-devel-linux-x86_64-fedora-clang | 1.0.7 | 49.28 | NOTE | |||
r-devel-linux-x86_64-fedora-gcc | 1.0.7 | 47.23 | OK | |||
r-devel-windows-x86_64 | 1.0.7 | 119.00 | 54.00 | 173.00 | OK | |
r-patched-linux-x86_64 | 1.0.7 | 3.97 | 25.34 | 29.31 | OK | |
r-release-linux-x86_64 | 1.0.7 | 3.82 | 26.01 | 29.83 | OK | |
r-release-macos-arm64 | 1.0.7 | 16.00 | OK | |||
r-release-macos-x86_64 | 1.0.7 | 25.00 | OK | |||
r-release-windows-x86_64 | 1.0.7 | 12.00 | 54.00 | 66.00 | OK | |
r-oldrel-macos-arm64 | 1.0.7 | 21.00 | OK | |||
r-oldrel-macos-x86_64 | 1.0.7 | 32.00 | OK | |||
r-oldrel-windows-ix86+x86_64 | 1.0.7 | 8.00 | 35.00 | 43.00 | OK |
Version: 1.0.7
Check: Rd cross-references
Result: NOTE
Undeclared package ‘qdap’ in Rd xrefs
Flavor: r-devel-linux-x86_64-fedora-clang