Last updated on 2022-08-15 08:50:05 CEST.
Flavor | Version | Tinstall | Tcheck | Ttotal | Status | Flags |
---|---|---|---|---|---|---|
r-devel-linux-x86_64-debian-clang | 1.3.5 | 4.63 | 52.15 | 56.78 | NOTE | |
r-devel-linux-x86_64-debian-gcc | 1.3.5 | 3.63 | 39.35 | 42.98 | NOTE | |
r-devel-linux-x86_64-fedora-clang | 1.3.5 | 75.76 | NOTE | |||
r-devel-linux-x86_64-fedora-gcc | 1.3.5 | 72.82 | NOTE | |||
r-devel-windows-x86_64 | 1.3.5 | 38.00 | 73.00 | 111.00 | NOTE | |
r-patched-linux-x86_64 | 1.3.5 | 4.18 | 48.86 | 53.04 | NOTE | |
r-release-linux-x86_64 | 1.3.5 | 4.00 | 47.70 | 51.70 | NOTE | |
r-release-macos-arm64 | 1.3.5 | 24.00 | NOTE | |||
r-release-macos-x86_64 | 1.3.5 | 33.00 | NOTE | |||
r-release-windows-x86_64 | 1.3.5 | 38.00 | 72.00 | 110.00 | NOTE | |
r-oldrel-macos-arm64 | 1.3.5 | 29.00 | NOTE | |||
r-oldrel-macos-x86_64 | 1.3.5 | 43.00 | NOTE | |||
r-oldrel-windows-ix86+x86_64 | 1.3.5 | 9.00 | 67.00 | 76.00 | NOTE |
Version: 1.3.5
Check: LazyData
Result: NOTE
'LazyData' is specified without a 'data' directory
Flavors: r-devel-linux-x86_64-debian-clang, r-devel-linux-x86_64-debian-gcc, r-devel-linux-x86_64-fedora-clang, r-devel-linux-x86_64-fedora-gcc, r-devel-windows-x86_64, r-patched-linux-x86_64, r-release-linux-x86_64, r-release-macos-arm64, r-release-macos-x86_64, r-release-windows-x86_64, r-oldrel-macos-arm64, r-oldrel-macos-x86_64, r-oldrel-windows-ix86+x86_64