Last updated on 2022-08-15 08:50:05 CEST.
Flavor | Version | Tinstall | Tcheck | Ttotal | Status | Flags |
---|---|---|---|---|---|---|
r-devel-linux-x86_64-debian-clang | 1.9.2 | 51.85 | 185.06 | 236.91 | NOTE | |
r-devel-linux-x86_64-debian-gcc | 1.9.2 | 35.42 | 136.02 | 171.44 | NOTE | |
r-devel-linux-x86_64-fedora-clang | 1.9.2 | 289.43 | NOTE | |||
r-devel-linux-x86_64-fedora-gcc | 1.9.2 | 293.48 | NOTE | |||
r-devel-windows-x86_64 | 1.9.2 | 55.00 | 208.00 | 263.00 | NOTE | |
r-patched-linux-x86_64 | 1.9.2 | 26.43 | 173.27 | 199.70 | OK | |
r-release-linux-x86_64 | 1.9.2 | 25.96 | 174.31 | 200.27 | OK | |
r-release-macos-arm64 | 1.9.2 | 65.00 | OK | |||
r-release-macos-x86_64 | 1.9.2 | 116.00 | OK | |||
r-release-windows-x86_64 | 1.9.2 | 56.00 | 209.00 | 265.00 | OK | |
r-oldrel-macos-arm64 | 1.9.2 | 61.00 | OK | |||
r-oldrel-macos-x86_64 | 1.9.2 | 88.00 | OK | |||
r-oldrel-windows-ix86+x86_64 | 1.9.2 | 92.00 | 267.00 | 359.00 | OK |
Version: 1.9.2
Check: Rd files
Result: NOTE
checkRd: (-1) CentAndClusfuns.Rd:70: Escaped LaTeX specials: \&
checkRd: (-1) EBICglasso.Rd:8: Escaped LaTeX specials: \&
checkRd: (-1) pathways.Rd:36: Escaped LaTeX specials: \&
Flavors: r-devel-linux-x86_64-debian-clang, r-devel-linux-x86_64-debian-gcc, r-devel-linux-x86_64-fedora-clang, r-devel-linux-x86_64-fedora-gcc, r-devel-windows-x86_64