Last updated on 2022-08-15 08:50:05 CEST.
Flavor | Version | Tinstall | Tcheck | Ttotal | Status | Flags |
---|---|---|---|---|---|---|
r-devel-linux-x86_64-debian-clang | 1.19 | 15.96 | 73.43 | 89.39 | NOTE | |
r-devel-linux-x86_64-debian-gcc | 1.19 | 12.79 | 53.05 | 65.84 | NOTE | |
r-devel-linux-x86_64-fedora-clang | 1.19 | 115.04 | NOTE | |||
r-devel-linux-x86_64-fedora-gcc | 1.19 | 112.25 | NOTE | |||
r-devel-windows-x86_64 | 1.19 | 82.00 | 101.00 | 183.00 | NOTE | |
r-patched-linux-x86_64 | 1.19 | 14.24 | 68.39 | 82.63 | OK | |
r-release-linux-x86_64 | 1.19 | 14.36 | 67.36 | 81.72 | OK | |
r-release-macos-arm64 | 1.19 | 31.00 | OK | |||
r-release-macos-x86_64 | 1.19 | 45.00 | OK | |||
r-release-windows-x86_64 | 1.19 | 137.00 | 104.00 | 241.00 | OK | |
r-oldrel-macos-arm64 | 1.19 | 39.00 | OK | |||
r-oldrel-macos-x86_64 | 1.19 | 68.00 | OK | |||
r-oldrel-windows-ix86+x86_64 | 1.19 | 29.00 | 99.00 | 128.00 | OK |
Version: 1.19
Check: package subdirectories
Result: NOTE
Problems with news in 'NEWS.md':
No news entries found.
Flavors: r-devel-linux-x86_64-debian-clang, r-devel-linux-x86_64-debian-gcc, r-devel-linux-x86_64-fedora-clang, r-devel-linux-x86_64-fedora-gcc, r-devel-windows-x86_64