Last updated on 2022-08-15 08:50:05 CEST.
Flavor | Version | Tinstall | Tcheck | Ttotal | Status | Flags |
---|---|---|---|---|---|---|
r-devel-linux-x86_64-debian-clang | 1.52 | 85.96 | 406.46 | 492.42 | OK | |
r-devel-linux-x86_64-debian-gcc | 1.52 | 69.85 | 293.25 | 363.10 | OK | |
r-devel-linux-x86_64-fedora-clang | 1.52 | 597.04 | NOTE | |||
r-devel-linux-x86_64-fedora-gcc | 1.52 | 580.44 | OK | |||
r-devel-windows-x86_64 | 1.52 | 214.00 | 442.00 | 656.00 | NOTE | |
r-patched-linux-x86_64 | 1.52 | 81.71 | 386.62 | 468.33 | OK | |
r-release-linux-x86_64 | 1.52 | 70.79 | 385.29 | 456.08 | OK | |
r-release-macos-arm64 | 1.52 | 125.00 | NOTE | |||
r-release-macos-x86_64 | 1.52 | 197.00 | NOTE | |||
r-release-windows-x86_64 | 1.52 | 279.00 | 409.00 | 688.00 | NOTE | |
r-oldrel-macos-arm64 | 1.52 | 126.00 | NOTE | |||
r-oldrel-macos-x86_64 | 1.52 | 198.00 | NOTE | |||
r-oldrel-windows-ix86+x86_64 | 1.52 | 183.00 | 604.00 | 787.00 | NOTE |
Version: 1.52
Check: installed package size
Result: NOTE
installed size is 10.6Mb
sub-directories of 1Mb or more:
R 1.7Mb
contrib 3.8Mb
doc 3.0Mb
Flavors: r-devel-linux-x86_64-fedora-clang, r-devel-windows-x86_64, r-release-macos-arm64, r-release-macos-x86_64, r-release-windows-x86_64, r-oldrel-macos-arm64, r-oldrel-macos-x86_64, r-oldrel-windows-ix86+x86_64