Last updated on 2022-08-15 08:50:05 CEST.
Flavor | Version | Tinstall | Tcheck | Ttotal | Status | Flags |
---|---|---|---|---|---|---|
r-devel-linux-x86_64-debian-clang | 0.28 | 803.68 | 247.49 | 1051.17 | OK | |
r-devel-linux-x86_64-debian-gcc | 0.28 | 655.79 | 182.30 | 838.09 | OK | |
r-devel-linux-x86_64-fedora-clang | 0.28 | 1547.94 | NOTE | |||
r-devel-linux-x86_64-fedora-gcc | 0.28 | 1378.65 | OK | |||
r-devel-windows-x86_64 | 0.28 | 638.00 | 326.00 | 964.00 | NOTE | |
r-patched-linux-x86_64 | 0.28 | 703.47 | 230.79 | 934.26 | OK | |
r-release-linux-x86_64 | 0.28 | 678.40 | 234.82 | 913.22 | OK | |
r-release-macos-arm64 | 0.28 | 352.00 | NOTE | |||
r-release-macos-x86_64 | 0.28 | 388.00 | NOTE | |||
r-release-windows-x86_64 | 0.28 | 642.00 | 313.00 | 955.00 | NOTE | |
r-oldrel-macos-arm64 | 0.28 | 328.00 | NOTE | |||
r-oldrel-macos-x86_64 | 0.28 | 380.00 | NOTE | |||
r-oldrel-windows-ix86+x86_64 | 0.28 | 1939.00 | 488.00 | 2427.00 | NOTE |
Version: 0.28
Check: installed package size
Result: NOTE
installed size is 6.4Mb
sub-directories of 1Mb or more:
extdata 3.3Mb
libs 1.7Mb
Flavors: r-devel-linux-x86_64-fedora-clang, r-devel-windows-x86_64, r-release-macos-arm64, r-release-macos-x86_64, r-release-windows-x86_64, r-oldrel-macos-arm64, r-oldrel-macos-x86_64, r-oldrel-windows-ix86+x86_64