Last updated on 2022-08-15 08:50:05 CEST.
Flavor | Version | Tinstall | Tcheck | Ttotal | Status | Flags |
---|---|---|---|---|---|---|
r-devel-linux-x86_64-debian-clang | 1.2.1 | 27.64 | 173.57 | 201.21 | OK | |
r-devel-linux-x86_64-debian-gcc | 1.2.1 | 17.81 | 126.26 | 144.07 | OK | |
r-devel-linux-x86_64-fedora-clang | 1.2.1 | 249.23 | OK | |||
r-devel-linux-x86_64-fedora-gcc | 1.2.1 | 236.31 | OK | |||
r-devel-windows-x86_64 | 1.2.1 | 35.00 | 231.00 | 266.00 | NOTE | |
r-patched-linux-x86_64 | 1.2.1 | 26.44 | 163.62 | 190.06 | OK | |
r-release-linux-x86_64 | 1.2.1 | 23.16 | 164.08 | 187.24 | OK | |
r-release-macos-arm64 | 1.2.1 | 89.00 | NOTE | |||
r-release-macos-x86_64 | 1.2.1 | 146.00 | NOTE | |||
r-release-windows-x86_64 | 1.2.1 | 117.00 | 259.00 | 376.00 | NOTE | |
r-oldrel-macos-arm64 | 1.2.1 | 87.00 | NOTE | |||
r-oldrel-macos-x86_64 | 1.2.1 | 103.00 | NOTE | |||
r-oldrel-windows-ix86+x86_64 | 1.2.1 | 75.00 | 243.00 | 318.00 | NOTE |
Version: 1.2.1
Check: installed package size
Result: NOTE
installed size is 5.6Mb
sub-directories of 1Mb or more:
doc 4.4Mb
Flavors: r-devel-windows-x86_64, r-release-macos-arm64, r-release-macos-x86_64, r-release-windows-x86_64, r-oldrel-macos-arm64, r-oldrel-macos-x86_64, r-oldrel-windows-ix86+x86_64