Last updated on 2022-08-15 08:50:05 CEST.
Flavor | Version | Tinstall | Tcheck | Ttotal | Status | Flags |
---|---|---|---|---|---|---|
r-devel-linux-x86_64-debian-clang | 0.2.3 | 88.79 | 159.61 | 248.40 | OK | |
r-devel-linux-x86_64-debian-gcc | 0.2.3 | 72.19 | 117.28 | 189.47 | OK | |
r-devel-linux-x86_64-fedora-clang | 0.2.3 | 321.23 | OK | |||
r-devel-linux-x86_64-fedora-gcc | 0.2.3 | 312.68 | OK | |||
r-devel-windows-x86_64 | 0.2.3 | 84.00 | 195.00 | 279.00 | OK | |
r-patched-linux-x86_64 | 0.2.3 | 82.19 | 148.66 | 230.85 | OK | |
r-release-linux-x86_64 | 0.2.3 | 82.40 | 147.97 | 230.37 | OK | |
r-release-macos-arm64 | 0.2.3 | 79.00 | NOTE | |||
r-release-macos-x86_64 | 0.2.3 | 130.00 | NOTE | |||
r-release-windows-x86_64 | 0.2.3 | 81.00 | 186.00 | 267.00 | OK | |
r-oldrel-macos-arm64 | 0.2.3 | 83.00 | NOTE | |||
r-oldrel-macos-x86_64 | 0.2.3 | 101.00 | NOTE | |||
r-oldrel-windows-ix86+x86_64 | 0.2.3 | 178.00 | 240.00 | 418.00 | OK |
Version: 0.2.3
Check: installed package size
Result: NOTE
installed size is 6.7Mb
sub-directories of 1Mb or more:
libs 5.8Mb
Flavors: r-release-macos-arm64, r-release-macos-x86_64, r-oldrel-macos-arm64, r-oldrel-macos-x86_64