Last updated on 2022-08-15 08:50:05 CEST.
Flavor | Version | Tinstall | Tcheck | Ttotal | Status | Flags |
---|---|---|---|---|---|---|
r-devel-linux-x86_64-debian-clang | 0.1.0 | 3.15 | 27.00 | 30.15 | OK | |
r-devel-linux-x86_64-debian-gcc | 0.1.0 | 2.51 | 21.23 | 23.74 | OK | |
r-devel-linux-x86_64-fedora-clang | 0.1.0 | 48.32 | NOTE | |||
r-devel-linux-x86_64-fedora-gcc | 0.1.0 | 47.16 | NOTE | |||
r-devel-windows-x86_64 | 0.1.0 | 14.00 | 54.00 | 68.00 | OK | |
r-patched-linux-x86_64 | 0.1.0 | 2.93 | 26.22 | 29.15 | OK | |
r-release-linux-x86_64 | 0.1.0 | 2.66 | 26.02 | 28.68 | OK | |
r-release-macos-arm64 | 0.1.0 | 17.00 | NOTE | |||
r-release-macos-x86_64 | 0.1.0 | 23.00 | NOTE | |||
r-release-windows-x86_64 | 0.1.0 | 12.00 | 54.00 | 66.00 | OK | |
r-oldrel-macos-arm64 | 0.1.0 | 21.00 | NOTE | |||
r-oldrel-macos-x86_64 | 0.1.0 | 27.00 | NOTE | |||
r-oldrel-windows-ix86+x86_64 | 0.1.0 | 7.00 | 46.00 | 53.00 | OK |
Version: 0.1.0
Check: data for non-ASCII characters
Result: NOTE
Note: found 12928 marked UTF-8 strings
Flavors: r-devel-linux-x86_64-fedora-clang, r-devel-linux-x86_64-fedora-gcc, r-release-macos-arm64, r-release-macos-x86_64, r-oldrel-macos-arm64, r-oldrel-macos-x86_64