Last updated on 2022-08-15 08:50:05 CEST.
Flavor | Version | Tinstall | Tcheck | Ttotal | Status | Flags |
---|---|---|---|---|---|---|
r-devel-linux-x86_64-debian-clang | 0.95 | 95.39 | 170.84 | 266.23 | OK | |
r-devel-linux-x86_64-debian-gcc | 0.95 | 78.83 | 125.49 | 204.32 | OK | |
r-devel-linux-x86_64-fedora-clang | 0.95 | 354.66 | OK | |||
r-devel-linux-x86_64-fedora-gcc | 0.95 | 354.41 | OK | |||
r-devel-windows-x86_64 | 0.95 | 192.00 | 214.00 | 406.00 | OK | |
r-patched-linux-x86_64 | 0.95 | 88.67 | 159.26 | 247.93 | OK | |
r-release-linux-x86_64 | 0.95 | 85.58 | 161.21 | 246.79 | OK | |
r-release-macos-arm64 | 0.95 | 90.00 | OK | |||
r-release-macos-x86_64 | 0.95 | 111.00 | OK | |||
r-release-windows-x86_64 | 0.95 | 199.00 | 208.00 | 407.00 | OK | |
r-oldrel-macos-arm64 | 0.95 | 105.00 | NOTE | |||
r-oldrel-macos-x86_64 | 0.95 | 109.00 | OK | |||
r-oldrel-windows-ix86+x86_64 | 0.95 | 240.00 | 318.00 | 558.00 | OK |
Version: 0.95
Check: installed package size
Result: NOTE
installed size is 5.6Mb
sub-directories of 1Mb or more:
libs 5.1Mb
Flavor: r-oldrel-macos-arm64