Last updated on 2022-08-15 08:50:05 CEST.
Flavor | Version | Tinstall | Tcheck | Ttotal | Status | Flags |
---|---|---|---|---|---|---|
r-devel-linux-x86_64-debian-clang | 0.4.20 | 14.93 | 97.90 | 112.83 | NOTE | |
r-devel-linux-x86_64-debian-gcc | 0.4.20 | 14.04 | 73.08 | 87.12 | NOTE | |
r-devel-linux-x86_64-fedora-clang | 0.4.20 | 145.96 | OK | |||
r-devel-linux-x86_64-fedora-gcc | 0.4.20 | 142.47 | OK | |||
r-devel-windows-x86_64 | 0.4.20 | 122.00 | 115.00 | 237.00 | OK | |
r-patched-linux-x86_64 | 0.4.20 | 13.61 | 92.11 | 105.72 | NOTE | |
r-release-linux-x86_64 | 0.4.20 | 14.20 | 92.03 | 106.23 | NOTE | |
r-release-macos-arm64 | 0.4.20 | 36.00 | OK | |||
r-release-macos-x86_64 | 0.4.20 | 57.00 | OK | |||
r-release-windows-x86_64 | 0.4.20 | 139.00 | 109.00 | 248.00 | OK | |
r-oldrel-macos-arm64 | 0.4.20 | 37.00 | OK | |||
r-oldrel-macos-x86_64 | 0.4.20 | 49.00 | OK | |||
r-oldrel-windows-ix86+x86_64 | 0.4.20 | 31.00 | 111.00 | 142.00 | OK |
Version: 0.4.20
Check: R code for possible problems
Result: NOTE
Found the following calls to attach():
File 'quantmod/R/attachSymbols.R':
attach(NULL, pos = pos, name = DB$name)
attach(NULL, pos = pos, name = DB$name)
See section 'Good practice' in '?attach'.
Flavors: r-devel-linux-x86_64-debian-clang, r-devel-linux-x86_64-debian-gcc, r-patched-linux-x86_64, r-release-linux-x86_64