Last updated on 2022-08-15 08:50:05 CEST.
Flavor | Version | Tinstall | Tcheck | Ttotal | Status | Flags |
---|---|---|---|---|---|---|
r-devel-linux-x86_64-debian-clang | 0.1.0 | 3.80 | 45.49 | 49.29 | OK | |
r-devel-linux-x86_64-debian-gcc | 0.1.0 | 3.02 | 34.78 | 37.80 | OK | |
r-devel-linux-x86_64-fedora-clang | 0.1.0 | 72.37 | NOTE | |||
r-devel-linux-x86_64-fedora-gcc | 0.1.0 | 67.49 | NOTE | |||
r-devel-windows-x86_64 | 0.1.0 | 23.00 | 75.00 | 98.00 | OK | |
r-patched-linux-x86_64 | 0.1.0 | 11.00 | 41.88 | 52.88 | OK | |
r-release-linux-x86_64 | 0.1.0 | 4.59 | 41.48 | 46.07 | OK | |
r-release-macos-arm64 | 0.1.0 | 24.00 | NOTE | |||
r-release-macos-x86_64 | 0.1.0 | 44.00 | NOTE | |||
r-release-windows-x86_64 | 0.1.0 | 24.00 | 77.00 | 101.00 | OK | |
r-oldrel-macos-arm64 | 0.1.0 | 26.00 | NOTE | |||
r-oldrel-macos-x86_64 | 0.1.0 | 33.00 | NOTE | |||
r-oldrel-windows-ix86+x86_64 | 0.1.0 | 12.00 | 69.00 | 81.00 | OK |
Version: 0.1.0
Check: dependencies in R code
Result: NOTE
Namespaces in Imports field not imported from:
‘psych’ ‘psychTools’
All declared Imports should be used.
Flavors: r-devel-linux-x86_64-fedora-clang, r-devel-linux-x86_64-fedora-gcc, r-release-macos-arm64, r-release-macos-x86_64, r-oldrel-macos-arm64, r-oldrel-macos-x86_64
Version: 0.1.0
Check: Rd cross-references
Result: NOTE
Undeclared package ‘reshape’ in Rd xrefs
Flavor: r-devel-linux-x86_64-fedora-clang