Last updated on 2022-08-15 08:50:05 CEST.
Flavor | Version | Tinstall | Tcheck | Ttotal | Status | Flags |
---|---|---|---|---|---|---|
r-devel-linux-x86_64-debian-clang | 0.1.6 | 41.66 | 405.73 | 447.39 | NOTE | |
r-devel-linux-x86_64-debian-gcc | 0.1.6 | 32.39 | 300.49 | 332.88 | NOTE | |
r-devel-linux-x86_64-fedora-clang | 0.1.6 | 532.05 | NOTE | |||
r-devel-linux-x86_64-fedora-gcc | 0.1.6 | 525.56 | NOTE | |||
r-devel-windows-x86_64 | 0.1.6 | 100.00 | 409.00 | 509.00 | NOTE | |
r-patched-linux-x86_64 | 0.1.6 | 41.18 | 384.38 | 425.56 | NOTE | |
r-release-linux-x86_64 | 0.1.6 | 40.21 | 379.64 | 419.85 | NOTE | |
r-release-macos-arm64 | 0.1.6 | 118.00 | NOTE | |||
r-release-macos-x86_64 | 0.1.6 | 216.00 | NOTE | |||
r-release-windows-x86_64 | 0.1.6 | 86.00 | 399.00 | 485.00 | NOTE | |
r-oldrel-macos-arm64 | 0.1.6 | 99.00 | NOTE | |||
r-oldrel-macos-x86_64 | 0.1.6 | 123.00 | NOTE | |||
r-oldrel-windows-ix86+x86_64 | 0.1.6 | 89.00 | 400.00 | 489.00 | NOTE |
Version: 0.1.6
Check: package dependencies
Result: NOTE
Package suggested but not available for checking: 'fastshp'
Flavors: r-devel-linux-x86_64-debian-clang, r-devel-linux-x86_64-debian-gcc, r-devel-linux-x86_64-fedora-clang, r-devel-linux-x86_64-fedora-gcc, r-devel-windows-x86_64, r-patched-linux-x86_64, r-release-linux-x86_64, r-release-macos-arm64, r-release-macos-x86_64, r-release-windows-x86_64, r-oldrel-macos-arm64, r-oldrel-macos-x86_64, r-oldrel-windows-ix86+x86_64