Last updated on 2022-08-15 08:50:05 CEST.
Flavor | Version | Tinstall | Tcheck | Ttotal | Status | Flags |
---|---|---|---|---|---|---|
r-devel-linux-x86_64-debian-clang | 1.5.0 | 6.71 | 94.77 | 101.48 | OK | |
r-devel-linux-x86_64-debian-gcc | 1.5.0 | 4.69 | 70.25 | 74.94 | OK | |
r-devel-linux-x86_64-fedora-clang | 1.5.0 | 127.59 | NOTE | |||
r-devel-linux-x86_64-fedora-gcc | 1.5.0 | 128.22 | NOTE | |||
r-devel-windows-x86_64 | 1.5.0 | 14.00 | 123.00 | 137.00 | OK | |
r-patched-linux-x86_64 | 1.5.0 | 5.98 | 89.11 | 95.09 | OK | |
r-release-linux-x86_64 | 1.5.0 | 7.08 | 87.74 | 94.82 | OK | |
r-release-macos-arm64 | 1.5.0 | 37.00 | NOTE | |||
r-release-macos-x86_64 | 1.5.0 | 71.00 | NOTE | |||
r-release-windows-x86_64 | 1.5.0 | 16.00 | 120.00 | 136.00 | OK | |
r-oldrel-macos-arm64 | 1.5.0 | 51.00 | NOTE | |||
r-oldrel-macos-x86_64 | 1.5.0 | 60.00 | NOTE | |||
r-oldrel-windows-ix86+x86_64 | 1.5.0 | 22.00 | 121.00 | 143.00 | OK |
Version: 1.5.0
Check: dependencies in R code
Result: NOTE
Namespace in Imports field not imported from: ‘psych’
All declared Imports should be used.
Flavors: r-devel-linux-x86_64-fedora-clang, r-devel-linux-x86_64-fedora-gcc, r-release-macos-arm64, r-release-macos-x86_64, r-oldrel-macos-arm64, r-oldrel-macos-x86_64
Version: 1.5.0
Check: Rd cross-references
Result: NOTE
Undeclared package ‘PredictABEL’ in Rd xrefs
Flavor: r-devel-linux-x86_64-fedora-clang