Last updated on 2022-08-15 08:50:05 CEST.
Flavor | Version | Tinstall | Tcheck | Ttotal | Status | Flags |
---|---|---|---|---|---|---|
r-devel-linux-x86_64-debian-clang | 0.0.1 | 2.66 | 27.36 | 30.02 | NOTE | |
r-devel-linux-x86_64-debian-gcc | 0.0.1 | 1.65 | 21.72 | 23.37 | NOTE | |
r-devel-linux-x86_64-fedora-clang | 0.0.1 | 47.92 | NOTE | |||
r-devel-linux-x86_64-fedora-gcc | 0.0.1 | 45.76 | NOTE | |||
r-devel-windows-x86_64 | 0.0.1 | 13.00 | 60.00 | 73.00 | NOTE | |
r-patched-linux-x86_64 | 0.0.1 | 2.51 | 26.90 | 29.41 | NOTE | |
r-release-linux-x86_64 | 0.0.1 | 2.25 | 26.83 | 29.08 | NOTE | |
r-release-macos-arm64 | 0.0.1 | 26.00 | NOTE | |||
r-release-macos-x86_64 | 0.0.1 | 37.00 | NOTE | |||
r-release-windows-x86_64 | 0.0.1 | 10.00 | 59.00 | 69.00 | NOTE | |
r-oldrel-macos-arm64 | 0.0.1 | 664.00 | NOTE | |||
r-oldrel-macos-x86_64 | 0.0.1 | 37.00 | NOTE | |||
r-oldrel-windows-ix86+x86_64 | 0.0.1 | 6.00 | 47.00 | 53.00 | NOTE |
Version: 0.0.1
Check: LazyData
Result: NOTE
'LazyData' is specified without a 'data' directory
Flavors: r-devel-linux-x86_64-debian-clang, r-devel-linux-x86_64-debian-gcc, r-devel-linux-x86_64-fedora-clang, r-devel-linux-x86_64-fedora-gcc, r-devel-windows-x86_64, r-patched-linux-x86_64, r-release-linux-x86_64, r-release-macos-arm64, r-release-macos-x86_64, r-release-windows-x86_64, r-oldrel-macos-arm64, r-oldrel-macos-x86_64, r-oldrel-windows-ix86+x86_64
Version: 0.0.1
Check: dependencies in R code
Result: NOTE
Namespace in Imports field not imported from: ‘readr’
All declared Imports should be used.
Flavors: r-devel-linux-x86_64-fedora-clang, r-devel-linux-x86_64-fedora-gcc, r-release-macos-arm64, r-release-macos-x86_64, r-oldrel-macos-arm64, r-oldrel-macos-x86_64