Last updated on 2022-08-15 08:50:05 CEST.
Flavor | Version | Tinstall | Tcheck | Ttotal | Status | Flags |
---|---|---|---|---|---|---|
r-devel-linux-x86_64-debian-clang | 0.1.0 | 6.90 | 98.27 | 105.17 | NOTE | |
r-devel-linux-x86_64-debian-gcc | 0.1.0 | 5.10 | 67.67 | 72.77 | NOTE | |
r-devel-linux-x86_64-fedora-clang | 0.1.0 | 127.51 | NOTE | |||
r-devel-linux-x86_64-fedora-gcc | 0.1.0 | 126.39 | NOTE | |||
r-devel-windows-x86_64 | 0.1.0 | 24.00 | 113.00 | 137.00 | OK | |
r-patched-linux-x86_64 | 0.1.0 | 4.44 | 85.53 | 89.97 | OK | |
r-release-linux-x86_64 | 0.1.0 | 5.50 | 85.03 | 90.53 | OK | |
r-release-macos-arm64 | 0.1.0 | 34.00 | OK | |||
r-release-macos-x86_64 | 0.1.0 | 52.00 | OK | |||
r-release-windows-x86_64 | 0.1.0 | 19.00 | 109.00 | 128.00 | OK | |
r-oldrel-macos-arm64 | 0.1.0 | 38.00 | OK | |||
r-oldrel-macos-x86_64 | 0.1.0 | 52.00 | OK | |||
r-oldrel-windows-ix86+x86_64 | 0.1.0 | 14.00 | 110.00 | 124.00 | OK |
Version: 0.1.0
Check: HTML version of manual
Result: NOTE
Found the following HTML validation problems:
prioritize.html:71:98: Warning: inserting implicit <p>
prioritize.html:107:71: Warning: inserting implicit <p>
prioritize.html:71:98: Warning: trimming empty <p>
prioritize.html:107:71: Warning: trimming empty <p>
Flavors: r-devel-linux-x86_64-debian-clang, r-devel-linux-x86_64-debian-gcc, r-devel-linux-x86_64-fedora-clang, r-devel-linux-x86_64-fedora-gcc