Last updated on 2022-08-15 08:50:05 CEST.
Flavor | Version | Tinstall | Tcheck | Ttotal | Status | Flags |
---|---|---|---|---|---|---|
r-devel-linux-x86_64-debian-clang | 0.1.2 | 3.29 | 47.03 | 50.32 | NOTE | |
r-devel-linux-x86_64-debian-gcc | 0.1.2 | 2.31 | 35.19 | 37.50 | NOTE | |
r-devel-linux-x86_64-fedora-clang | 0.1.2 | 70.90 | NOTE | |||
r-devel-linux-x86_64-fedora-gcc | 0.1.2 | 69.97 | NOTE | |||
r-devel-windows-x86_64 | 0.1.2 | 14.00 | 73.00 | 87.00 | NOTE | |
r-patched-linux-x86_64 | 0.1.2 | 8.62 | 45.19 | 53.81 | NOTE | |
r-release-linux-x86_64 | 0.1.2 | 2.71 | 45.23 | 47.94 | NOTE | |
r-release-macos-arm64 | 0.1.2 | 21.00 | NOTE | |||
r-release-macos-x86_64 | 0.1.2 | 42.00 | NOTE | |||
r-release-windows-x86_64 | 0.1.2 | 13.00 | 68.00 | 81.00 | NOTE | |
r-oldrel-macos-arm64 | 0.1.2 | 29.00 | NOTE | |||
r-oldrel-macos-x86_64 | 0.1.2 | 41.00 | NOTE | |||
r-oldrel-windows-ix86+x86_64 | 0.1.2 | 10.00 | 69.00 | 79.00 | NOTE |
Version: 0.1.2
Check: LazyData
Result: NOTE
'LazyData' is specified without a 'data' directory
Flavors: r-devel-linux-x86_64-debian-clang, r-devel-linux-x86_64-debian-gcc, r-devel-linux-x86_64-fedora-clang, r-devel-linux-x86_64-fedora-gcc, r-devel-windows-x86_64, r-patched-linux-x86_64, r-release-linux-x86_64, r-release-macos-arm64, r-release-macos-x86_64, r-release-windows-x86_64, r-oldrel-macos-arm64, r-oldrel-macos-x86_64, r-oldrel-windows-ix86+x86_64
Version: 0.1.2
Check: dependencies in R code
Result: NOTE
Namespaces in Imports field not imported from:
‘data.table’ ‘dplyr’ ‘lmerTest’
All declared Imports should be used.
Flavors: r-devel-linux-x86_64-fedora-clang, r-devel-linux-x86_64-fedora-gcc, r-release-macos-arm64, r-release-macos-x86_64, r-oldrel-macos-arm64, r-oldrel-macos-x86_64