Last updated on 2022-08-15 08:50:05 CEST.
Flavor | Version | Tinstall | Tcheck | Ttotal | Status | Flags |
---|---|---|---|---|---|---|
r-devel-linux-x86_64-debian-clang | 0.1 | 2.44 | 25.53 | 27.97 | NOTE | |
r-devel-linux-x86_64-debian-gcc | 0.1 | 1.70 | 19.96 | 21.66 | NOTE | |
r-devel-linux-x86_64-fedora-clang | 0.1 | 44.84 | NOTE | |||
r-devel-linux-x86_64-fedora-gcc | 0.1 | 43.58 | NOTE | |||
r-devel-windows-x86_64 | 0.1 | 24.00 | 56.00 | 80.00 | NOTE | |
r-patched-linux-x86_64 | 0.1 | 2.31 | 24.76 | 27.07 | NOTE | |
r-release-linux-x86_64 | 0.1 | 2.47 | 25.05 | 27.52 | NOTE | |
r-release-macos-arm64 | 0.1 | 18.00 | NOTE | |||
r-release-macos-x86_64 | 0.1 | 23.00 | NOTE | |||
r-release-windows-x86_64 | 0.1 | 19.00 | 54.00 | 73.00 | NOTE | |
r-oldrel-macos-arm64 | 0.1 | 24.00 | NOTE | |||
r-oldrel-macos-x86_64 | 0.1 | 25.00 | NOTE | |||
r-oldrel-windows-ix86+x86_64 | 0.1 | 6.00 | 45.00 | 51.00 | NOTE |
Version: 0.1
Check: LazyData
Result: NOTE
'LazyData' is specified without a 'data' directory
Flavors: r-devel-linux-x86_64-debian-clang, r-devel-linux-x86_64-debian-gcc, r-devel-linux-x86_64-fedora-clang, r-devel-linux-x86_64-fedora-gcc, r-devel-windows-x86_64, r-patched-linux-x86_64, r-release-linux-x86_64, r-release-macos-arm64, r-release-macos-x86_64, r-release-windows-x86_64, r-oldrel-macos-arm64, r-oldrel-macos-x86_64, r-oldrel-windows-ix86+x86_64
Version: 0.1
Check: dependencies in R code
Result: NOTE
Namespace in Imports field not imported from: ‘magrittr’
All declared Imports should be used.
Flavors: r-devel-linux-x86_64-fedora-clang, r-devel-linux-x86_64-fedora-gcc, r-release-macos-arm64, r-release-macos-x86_64, r-oldrel-macos-arm64, r-oldrel-macos-x86_64