Last updated on 2022-08-15 08:50:05 CEST.
Flavor | Version | Tinstall | Tcheck | Ttotal | Status | Flags |
---|---|---|---|---|---|---|
r-devel-linux-x86_64-debian-clang | 5.0.0-10 | 71.20 | 181.90 | 253.10 | OK | |
r-devel-linux-x86_64-debian-gcc | 5.0.0-10 | 54.77 | 129.05 | 183.82 | OK | |
r-devel-linux-x86_64-fedora-clang | 5.0.0-10 | 329.23 | OK | |||
r-devel-linux-x86_64-fedora-gcc | 5.0.0-10 | 308.60 | OK | |||
r-devel-windows-x86_64 | 5.0.0-10 | 113.00 | 262.00 | 375.00 | OK | |
r-patched-linux-x86_64 | 5.0.0-10 | 62.79 | 163.02 | 225.81 | OK | |
r-release-linux-x86_64 | 5.0.0-10 | 59.76 | 162.27 | 222.03 | OK | |
r-release-macos-arm64 | 5.0.0-10 | 75.00 | NOTE | |||
r-release-macos-x86_64 | 5.0.0-10 | 95.00 | NOTE | |||
r-release-windows-x86_64 | 5.0.0-10 | 109.00 | 223.00 | 332.00 | OK | |
r-oldrel-macos-arm64 | 5.0.0-10 | 86.00 | NOTE | |||
r-oldrel-macos-x86_64 | 5.0.0-10 | 126.00 | NOTE | |||
r-oldrel-windows-ix86+x86_64 | 5.0.0-10 | 182.00 | 373.00 | 555.00 | OK |
Version: 5.0.0-10
Check: installed package size
Result: NOTE
installed size is 6.4Mb
sub-directories of 1Mb or more:
libs 4.6Mb
Flavors: r-release-macos-arm64, r-release-macos-x86_64, r-oldrel-macos-arm64, r-oldrel-macos-x86_64