Last updated on 2022-08-15 08:50:05 CEST.
Flavor | Version | Tinstall | Tcheck | Ttotal | Status | Flags |
---|---|---|---|---|---|---|
r-devel-linux-x86_64-debian-clang | 0.4.3 | 12.53 | 109.87 | 122.40 | NOTE | |
r-devel-linux-x86_64-debian-gcc | 0.4.3 | 8.90 | 85.04 | 93.94 | NOTE | |
r-devel-linux-x86_64-fedora-clang | 0.4.3 | 150.12 | NOTE | |||
r-devel-linux-x86_64-fedora-gcc | 0.4.3 | 152.76 | NOTE | |||
r-devel-windows-x86_64 | 0.4.3 | 16.00 | 149.00 | 165.00 | NOTE | |
r-patched-linux-x86_64 | 0.4.3 | 12.10 | 106.46 | 118.56 | NOTE | |
r-release-linux-x86_64 | 0.4.3 | 10.89 | 107.29 | 118.18 | NOTE | |
r-release-macos-arm64 | 0.4.3 | 44.00 | NOTE | |||
r-release-macos-x86_64 | 0.4.3 | 61.00 | NOTE | |||
r-release-windows-x86_64 | 0.4.3 | 46.00 | 131.00 | 177.00 | NOTE | |
r-oldrel-macos-arm64 | 0.4.3 | 61.00 | NOTE | |||
r-oldrel-macos-x86_64 | 0.4.3 | 74.00 | NOTE | |||
r-oldrel-windows-ix86+x86_64 | 0.4.3 | 25.00 | 123.00 | 148.00 | NOTE |
Version: 0.4.3
Check: LazyData
Result: NOTE
'LazyData' is specified without a 'data' directory
Flavors: r-devel-linux-x86_64-debian-clang, r-devel-linux-x86_64-debian-gcc, r-devel-linux-x86_64-fedora-clang, r-devel-linux-x86_64-fedora-gcc, r-devel-windows-x86_64, r-patched-linux-x86_64, r-release-linux-x86_64, r-release-macos-arm64, r-release-macos-x86_64, r-release-windows-x86_64, r-oldrel-macos-arm64, r-oldrel-macos-x86_64, r-oldrel-windows-ix86+x86_64