Last updated on 2022-08-15 08:50:05 CEST.
Flavor | Version | Tinstall | Tcheck | Ttotal | Status | Flags |
---|---|---|---|---|---|---|
r-devel-linux-x86_64-debian-clang | 1.2-6 | 6.11 | 63.88 | 69.99 | OK | |
r-devel-linux-x86_64-debian-gcc | 1.2-6 | 4.68 | 47.45 | 52.13 | OK | |
r-devel-linux-x86_64-fedora-clang | 1.2-6 | 93.68 | NOTE | |||
r-devel-linux-x86_64-fedora-gcc | 1.2-6 | 92.13 | OK | |||
r-devel-windows-x86_64 | 1.2-6 | 17.00 | 96.00 | 113.00 | OK | |
r-patched-linux-x86_64 | 1.2-6 | 5.92 | 60.66 | 66.58 | OK | |
r-release-linux-x86_64 | 1.2-6 | 5.69 | 59.88 | 65.57 | OK | |
r-release-macos-arm64 | 1.2-6 | 33.00 | OK | |||
r-release-macos-x86_64 | 1.2-6 | 40.00 | OK | |||
r-release-windows-x86_64 | 1.2-6 | 17.00 | 87.00 | 104.00 | OK | |
r-oldrel-macos-arm64 | 1.2-6 | 34.00 | OK | |||
r-oldrel-macos-x86_64 | 1.2-6 | 58.00 | OK | |||
r-oldrel-windows-ix86+x86_64 | 1.2-6 | 14.00 | 129.00 | 143.00 | OK |
Version: 1.2-6
Check: Rd cross-references
Result: NOTE
Undeclared package ‘Rglpk’ in Rd xrefs
Flavor: r-devel-linux-x86_64-fedora-clang