Last updated on 2022-08-15 08:50:06 CEST.
Flavor | Version | Tinstall | Tcheck | Ttotal | Status | Flags |
---|---|---|---|---|---|---|
r-devel-linux-x86_64-debian-clang | 2.5.0 | 5.29 | 41.63 | 46.92 | NOTE | |
r-devel-linux-x86_64-debian-gcc | 2.5.0 | 3.93 | 31.74 | 35.67 | NOTE | |
r-devel-linux-x86_64-fedora-clang | 2.5.0 | 66.47 | NOTE | |||
r-devel-linux-x86_64-fedora-gcc | 2.5.0 | 70.35 | NOTE | |||
r-devel-windows-x86_64 | 2.5.0 | 18.00 | 74.00 | 92.00 | NOTE | |
r-patched-linux-x86_64 | 2.5.0 | 3.79 | 39.50 | 43.29 | OK | |
r-release-linux-x86_64 | 2.5.0 | 4.35 | 39.61 | 43.96 | OK | |
r-release-macos-arm64 | 2.5.0 | 22.00 | OK | |||
r-release-macos-x86_64 | 2.5.0 | 34.00 | OK | |||
r-release-windows-x86_64 | 2.5.0 | 20.00 | 67.00 | 87.00 | OK | |
r-oldrel-macos-arm64 | 2.5.0 | 22.00 | OK | |||
r-oldrel-macos-x86_64 | 2.5.0 | 28.00 | OK | |||
r-oldrel-windows-ix86+x86_64 | 2.5.0 | 11.00 | 64.00 | 75.00 | OK |
Version: 2.5.0
Check: Rd files
Result: NOTE
checkRd: (-1) rNOMADS-package.Rd:28: Escaped LaTeX specials: \&
Flavors: r-devel-linux-x86_64-debian-clang, r-devel-linux-x86_64-debian-gcc, r-devel-linux-x86_64-fedora-clang, r-devel-linux-x86_64-fedora-gcc, r-devel-windows-x86_64