Last updated on 2022-08-15 08:50:07 CEST.
Flavor | Version | Tinstall | Tcheck | Ttotal | Status | Flags |
---|---|---|---|---|---|---|
r-devel-linux-x86_64-debian-clang | 1.3 | 75.92 | 96.77 | 172.69 | NOTE | |
r-devel-linux-x86_64-debian-gcc | 1.3 | 62.47 | 72.91 | 135.38 | NOTE | |
r-devel-linux-x86_64-fedora-clang | 1.3 | 243.80 | NOTE | |||
r-devel-linux-x86_64-fedora-gcc | 1.3 | 222.36 | NOTE | |||
r-devel-windows-x86_64 | 1.3 | 79.00 | 174.00 | 253.00 | NOTE | |
r-patched-linux-x86_64 | 1.3 | 70.18 | 90.81 | 160.99 | NOTE | |
r-release-linux-x86_64 | 1.3 | 66.76 | 90.97 | 157.73 | NOTE | |
r-release-macos-arm64 | 1.3 | 69.00 | NOTE | |||
r-release-macos-x86_64 | 1.3 | 109.00 | NOTE | |||
r-release-windows-x86_64 | 1.3 | 83.00 | 174.00 | 257.00 | NOTE | |
r-oldrel-macos-arm64 | 1.3 | 89.00 | NOTE | |||
r-oldrel-macos-x86_64 | 1.3 | 116.00 | NOTE | |||
r-oldrel-windows-ix86+x86_64 | 1.3 | 193.00 | 136.00 | 329.00 | NOTE |
Version: 1.3
Check: LazyData
Result: NOTE
'LazyData' is specified without a 'data' directory
Flavors: r-devel-linux-x86_64-debian-clang, r-devel-linux-x86_64-debian-gcc, r-devel-linux-x86_64-fedora-clang, r-devel-linux-x86_64-fedora-gcc, r-devel-windows-x86_64, r-patched-linux-x86_64, r-release-linux-x86_64, r-release-macos-arm64, r-release-macos-x86_64, r-release-windows-x86_64, r-oldrel-macos-arm64, r-oldrel-macos-x86_64, r-oldrel-windows-ix86+x86_64
Version: 1.3
Check: for GNU extensions in Makefiles
Result: NOTE
GNU make is a SystemRequirements.
Flavors: r-devel-linux-x86_64-debian-clang, r-devel-linux-x86_64-debian-gcc, r-devel-linux-x86_64-fedora-clang, r-devel-linux-x86_64-fedora-gcc, r-devel-windows-x86_64, r-patched-linux-x86_64, r-release-linux-x86_64, r-release-macos-arm64, r-release-macos-x86_64, r-release-windows-x86_64, r-oldrel-macos-arm64, r-oldrel-macos-x86_64, r-oldrel-windows-ix86+x86_64
Version: 1.3
Check: package dependencies
Result: NOTE
Packages suggested but not available for checking: 'graph', 'Rgraphviz'
Flavor: r-release-macos-arm64