Last updated on 2022-08-15 08:50:07 CEST.
Flavor | Version | Tinstall | Tcheck | Ttotal | Status | Flags |
---|---|---|---|---|---|---|
r-devel-linux-x86_64-debian-clang | 2.1.1 | 6.52 | 65.57 | 72.09 | NOTE | |
r-devel-linux-x86_64-debian-gcc | 2.1.1 | 5.16 | 48.96 | 54.12 | NOTE | |
r-devel-linux-x86_64-fedora-clang | 2.1.1 | 93.46 | NOTE | |||
r-devel-linux-x86_64-fedora-gcc | 2.1.1 | 91.54 | NOTE | |||
r-devel-windows-x86_64 | 2.1.1 | 12.00 | 102.00 | 114.00 | NOTE | |
r-patched-linux-x86_64 | 2.1.1 | 6.01 | 59.99 | 66.00 | NOTE | |
r-release-linux-x86_64 | 2.1.1 | 6.35 | 61.68 | 68.03 | NOTE | |
r-release-macos-arm64 | 2.1.1 | 29.00 | NOTE | |||
r-release-macos-x86_64 | 2.1.1 | 53.00 | NOTE | |||
r-release-windows-x86_64 | 2.1.1 | 13.00 | 99.00 | 112.00 | NOTE | |
r-oldrel-macos-arm64 | 2.1.1 | 30.00 | NOTE | |||
r-oldrel-macos-x86_64 | 2.1.1 | 46.00 | NOTE | |||
r-oldrel-windows-ix86+x86_64 | 2.1.1 | 16.00 | 85.00 | 101.00 | NOTE |
Version: 2.1.1
Check: LazyData
Result: NOTE
'LazyData' is specified without a 'data' directory
Flavors: r-devel-linux-x86_64-debian-clang, r-devel-linux-x86_64-debian-gcc, r-devel-linux-x86_64-fedora-clang, r-devel-linux-x86_64-fedora-gcc, r-devel-windows-x86_64, r-patched-linux-x86_64, r-release-linux-x86_64, r-release-macos-arm64, r-release-macos-x86_64, r-release-windows-x86_64, r-oldrel-macos-arm64, r-oldrel-macos-x86_64, r-oldrel-windows-ix86+x86_64