Last updated on 2022-08-15 08:50:07 CEST.
Flavor | Version | Tinstall | Tcheck | Ttotal | Status | Flags |
---|---|---|---|---|---|---|
r-devel-linux-x86_64-debian-clang | 4.23.1-2 | 145.17 | 196.99 | 342.16 | NOTE | |
r-devel-linux-x86_64-debian-gcc | 4.23.1-2 | 127.56 | 141.13 | 268.69 | NOTE | |
r-devel-linux-x86_64-fedora-clang | 4.23.1-2 | 448.83 | NOTE | |||
r-devel-linux-x86_64-fedora-gcc | 4.23.1-2 | 451.91 | NOTE | |||
r-devel-windows-x86_64 | 4.23.1-2 | 147.00 | 272.00 | 419.00 | NOTE | |
r-patched-linux-x86_64 | 4.23.1-2 | 135.10 | 179.22 | 314.32 | NOTE | |
r-release-linux-x86_64 | 4.23.1-2 | 136.94 | 180.90 | 317.84 | NOTE | |
r-release-macos-arm64 | 4.23.1-2 | 87.00 | NOTE | |||
r-release-macos-x86_64 | 4.23.1-2 | 137.00 | NOTE | |||
r-release-windows-x86_64 | 4.23.1-2 | 168.00 | 276.00 | 444.00 | NOTE | |
r-oldrel-macos-arm64 | 4.23.1-2 | 97.00 | NOTE | |||
r-oldrel-macos-x86_64 | 4.23.1-2 | 136.00 | NOTE | |||
r-oldrel-windows-ix86+x86_64 | 4.23.1-2 | 351.00 | 327.00 | 678.00 | NOTE |
Version: 4.23.1-2
Check: for GNU extensions in Makefiles
Result: NOTE
GNU make is a SystemRequirements.
Flavors: r-devel-linux-x86_64-debian-clang, r-devel-linux-x86_64-debian-gcc, r-devel-linux-x86_64-fedora-clang, r-devel-linux-x86_64-fedora-gcc, r-devel-windows-x86_64, r-patched-linux-x86_64, r-release-linux-x86_64, r-release-macos-arm64, r-release-macos-x86_64, r-release-windows-x86_64, r-oldrel-macos-arm64, r-oldrel-macos-x86_64, r-oldrel-windows-ix86+x86_64
Version: 4.23.1-2
Check: installed package size
Result: NOTE
installed size is 11.6Mb
sub-directories of 1Mb or more:
doc 7.8Mb
libs 2.8Mb
Flavors: r-devel-linux-x86_64-fedora-clang, r-devel-windows-x86_64, r-release-macos-arm64, r-release-macos-x86_64, r-release-windows-x86_64, r-oldrel-macos-arm64, r-oldrel-macos-x86_64, r-oldrel-windows-ix86+x86_64