Last updated on 2022-08-15 08:50:05 CEST.
Flavor | Version | Tinstall | Tcheck | Ttotal | Status | Flags |
---|---|---|---|---|---|---|
r-devel-linux-x86_64-debian-clang | 1.1.2 | 82.60 | 429.87 | 512.47 | OK | |
r-devel-linux-x86_64-debian-gcc | 1.1.2 | 61.78 | 378.81 | 440.59 | OK | |
r-devel-linux-x86_64-fedora-clang | 1.1.2 | 636.13 | NOTE | |||
r-devel-linux-x86_64-fedora-gcc | 1.1.2 | 619.05 | NOTE | |||
r-devel-windows-x86_64 | 1.1.2 | 79.00 | 576.00 | 655.00 | OK | |
r-patched-linux-x86_64 | 1.1.2 | 69.39 | 425.73 | 495.12 | OK | |
r-release-linux-x86_64 | 1.1.2 | 70.31 | 427.60 | 497.91 | OK | |
r-release-macos-arm64 | 1.1.2 | 211.00 | NOTE | |||
r-release-macos-x86_64 | 1.1.2 | 228.00 | NOTE | |||
r-release-windows-x86_64 | 1.1.2 | 98.00 | 542.00 | 640.00 | OK | |
r-oldrel-macos-arm64 | 1.1.2 | 165.00 | NOTE | |||
r-oldrel-macos-x86_64 | 1.1.2 | 220.00 | NOTE | |||
r-oldrel-windows-ix86+x86_64 | 1.1.2 | 204.00 | 581.00 | 785.00 | OK |
Version: 1.1.2
Check: dependencies in R code
Result: NOTE
Namespaces in Imports field not imported from:
‘comat’ ‘rgdal’
All declared Imports should be used.
Flavors: r-devel-linux-x86_64-fedora-clang, r-devel-linux-x86_64-fedora-gcc, r-release-macos-arm64, r-release-macos-x86_64, r-oldrel-macos-arm64, r-oldrel-macos-x86_64